CRAN Package Check Results for Package smcfcs

Last updated on 2023-06-03 04:56:03 CEST.

Flavor Version Tinstall Tcheck Ttotal Status Flags
r-devel-linux-x86_64-debian-clang 1.7.1 13.61 154.91 168.52 OK
r-devel-linux-x86_64-debian-gcc 1.7.1 8.51 112.35 120.86 OK
r-devel-linux-x86_64-fedora-clang 1.7.1 204.34 NOTE
r-devel-linux-x86_64-fedora-gcc 1.7.1 206.88 OK
r-devel-windows-x86_64 1.7.1 11.00 121.00 132.00 OK
r-patched-linux-x86_64 1.7.1 OK
r-release-linux-x86_64 1.7.1 7.84 147.88 155.72 OK
r-release-macos-arm64 1.7.1 70.00 OK
r-release-macos-x86_64 1.7.1 107.00 OK
r-release-windows-x86_64 1.7.1 14.00 150.00 164.00 OK
r-oldrel-macos-arm64 1.7.1 57.00 OK
r-oldrel-macos-x86_64 1.7.1 74.00 OK
r-oldrel-windows-x86_64 1.7.1 13.00 152.00 165.00 OK

Check Details

Version: 1.7.1
Check: Rd cross-references
Result: NOTE
    Undeclared package ‘mice’ in Rd xrefs
Flavor: r-devel-linux-x86_64-fedora-clang