CRAN Package Check Results for Package sms

Last updated on 2021-09-21 04:55:37 CEST.

Flavor Version Tinstall Tcheck Ttotal Status Flags
r-devel-linux-x86_64-debian-clang 2.3.1 2.21 29.04 31.25 OK
r-devel-linux-x86_64-debian-gcc 2.3.1 1.88 23.30 25.18 OK
r-devel-linux-x86_64-fedora-clang 2.3.1 47.62 OK
r-devel-linux-x86_64-fedora-gcc 2.3.1 38.18 OK
r-devel-windows-x86_64 2.3.1 3.00 38.00 41.00 OK
r-devel-windows-x86_64-gcc10-UCRT 2.3.1 ERROR
r-patched-linux-x86_64 2.3.1 2.68 28.91 31.59 OK
r-patched-solaris-x86 2.3.1 68.40 OK
r-release-linux-x86_64 2.3.1 2.53 28.98 31.51 OK
r-release-macos-arm64 2.3.1 OK
r-release-macos-x86_64 2.3.1 OK
r-release-windows-ix86+x86_64 2.3.1 6.00 38.00 44.00 OK
r-oldrel-macos-x86_64 2.3.1 OK
r-oldrel-windows-ix86+x86_64 2.3.1 5.00 36.00 41.00 OK

Check Details

Version: 2.3.1
Check: whether package can be installed
Result: WARN
    Found the following significant warnings:
     WARNING: installation-time patches will not be applied, could not get the patches index
Flavor: r-devel-windows-x86_64-gcc10-UCRT

Version: 2.3.1
Check: PDF version of manual
Result: WARN
    LaTeX errors when creating PDF version.
    This typically indicates Rd problems.
Flavor: r-devel-windows-x86_64-gcc10-UCRT

Version: 2.3.1
Check: PDF version of manual without hyperrefs or index
Result: ERROR
    Re-running with no redirection of stdout/stderr.
Flavor: r-devel-windows-x86_64-gcc10-UCRT