CRAN Package Check Results for Package snem

Last updated on 2024-07-16 04:56:19 CEST.

Flavor Version Tinstall Tcheck Ttotal Status Flags
r-devel-linux-x86_64-debian-clang 0.1.1 2.20 23.19 25.39 NOTE
r-devel-linux-x86_64-debian-gcc 0.1.1 1.92 17.81 19.73 NOTE
r-devel-linux-x86_64-fedora-clang 0.1.1 31.83 NOTE
r-devel-linux-x86_64-fedora-gcc 0.1.1 29.26 NOTE
r-devel-windows-x86_64 0.1.1 2.00 39.00 41.00 NOTE
r-patched-linux-x86_64 0.1.1 2.01 22.16 24.17 NOTE
r-release-linux-x86_64 0.1.1 1.83 22.29 24.12 NOTE
r-release-macos-arm64 0.1.1 14.00 NOTE
r-release-macos-x86_64 0.1.1 21.00 NOTE
r-release-windows-x86_64 0.1.1 2.00 39.00 41.00 NOTE
r-oldrel-macos-arm64 0.1.1 16.00 NOTE
r-oldrel-macos-x86_64 0.1.1 22.00 NOTE
r-oldrel-windows-x86_64 0.1.1 2.00 40.00 42.00 NOTE

Check Details

Version: 0.1.1
Check: LazyData
Result: NOTE 'LazyData' is specified without a 'data' directory Flavors: r-devel-linux-x86_64-debian-clang, r-devel-linux-x86_64-debian-gcc, r-devel-linux-x86_64-fedora-clang, r-devel-linux-x86_64-fedora-gcc, r-devel-windows-x86_64, r-patched-linux-x86_64, r-release-linux-x86_64, r-release-macos-arm64, r-release-macos-x86_64, r-release-windows-x86_64, r-oldrel-macos-arm64, r-oldrel-macos-x86_64, r-oldrel-windows-x86_64