Last updated on 2023-03-23 07:54:41 CET.
Flavor | Version | Tinstall | Tcheck | Ttotal | Status | Flags |
---|---|---|---|---|---|---|
r-devel-linux-x86_64-debian-clang | 0.18.2 | 35.93 | 238.90 | 274.83 | OK | |
r-devel-linux-x86_64-debian-gcc | 0.18.2 | 28.56 | 181.05 | 209.61 | OK | |
r-devel-linux-x86_64-fedora-clang | 0.18.2 | 351.19 | OK | |||
r-devel-linux-x86_64-fedora-gcc | 0.18.2 | 334.00 | OK | |||
r-patched-linux-x86_64 | 0.18.2 | 37.34 | 219.12 | 256.46 | OK | |
r-release-linux-x86_64 | 0.18.2 | 27.84 | 224.43 | 252.27 | OK | |
r-release-macos-arm64 | 0.18.2 | 83.00 | OK | |||
r-release-macos-x86_64 | 0.18.2 | 115.00 | OK | |||
r-release-windows-x86_64 | 0.18.2 | 43.00 | 332.00 | 375.00 | OK | |
r-oldrel-macos-arm64 | 0.18.2 | 78.00 | OK | |||
r-oldrel-macos-x86_64 | 0.18.2 | 102.00 | OK | |||
r-oldrel-windows-ix86+x86_64 | 0.18.2 | 81.00 | 321.00 | 402.00 | NOTE |
Version: 0.18.2
Check: R code for possible problems
Result: NOTE
Initiating curl with CURL_SSL_BACKEND: openssl
Flavor: r-oldrel-windows-ix86+x86_64