Last updated on 2023-06-09 04:53:14 CEST.
Flavor | Version | Tinstall | Tcheck | Ttotal | Status | Flags |
---|---|---|---|---|---|---|
r-devel-linux-x86_64-debian-clang | 0.8.0 | 10.41 | 116.89 | 127.30 | OK | |
r-devel-linux-x86_64-debian-gcc | 0.8.0 | 9.39 | 87.36 | 96.75 | OK | |
r-devel-linux-x86_64-fedora-clang | 0.8.0 | 158.98 | NOTE | |||
r-devel-linux-x86_64-fedora-gcc | 0.8.0 | 148.54 | NOTE | |||
r-devel-windows-x86_64 | 0.8.0 | 12.00 | 113.00 | 125.00 | OK | |
r-patched-linux-x86_64 | 0.8.0 | 19.84 | 107.97 | 127.81 | OK | |
r-release-linux-x86_64 | 0.8.0 | 10.61 | 110.66 | 121.27 | OK | |
r-release-macos-arm64 | 0.8.0 | 47.00 | OK | |||
r-release-macos-x86_64 | 0.8.0 | 74.00 | OK | |||
r-release-windows-x86_64 | 0.8.0 | 15.00 | 136.00 | 151.00 | OK | |
r-oldrel-macos-arm64 | 0.8.0 | 40.00 | NOTE | |||
r-oldrel-macos-x86_64 | 0.8.0 | 78.00 | NOTE | |||
r-oldrel-windows-x86_64 | 0.8.0 | 16.00 | 129.00 | 145.00 | OK |
Version: 0.8.0
Check: dependencies in R code
Result: NOTE
Namespaces in Imports field not imported from:
‘FactoMineR’ ‘flextable’ ‘htmlTable’ ‘stringr’
All declared Imports should be used.
Flavors: r-devel-linux-x86_64-fedora-clang, r-devel-linux-x86_64-fedora-gcc, r-oldrel-macos-arm64, r-oldrel-macos-x86_64
Version: 0.8.0
Check: data for non-ASCII characters
Result: NOTE
Note: found 938 marked UTF-8 strings
Flavors: r-devel-linux-x86_64-fedora-clang, r-devel-linux-x86_64-fedora-gcc, r-oldrel-macos-arm64, r-oldrel-macos-x86_64