CRAN Package Check Results for Package socviz

Last updated on 2023-12-07 07:50:46 CET.

Flavor Version Tinstall Tcheck Ttotal Status Flags
r-devel-linux-x86_64-debian-clang 1.2 3.64 29.12 32.76 NOTE
r-devel-linux-x86_64-debian-gcc 1.2 3.63 22.70 26.33 NOTE
r-devel-linux-x86_64-fedora-clang 1.2 41.85 OK
r-devel-linux-x86_64-fedora-gcc 1.2 39.25 OK
r-devel-windows-x86_64 1.2 7.00 50.00 57.00 OK
r-patched-linux-x86_64 1.2 4.74 29.11 33.85 OK
r-release-linux-x86_64 1.2 4.62 28.53 33.15 OK
r-release-macos-arm64 1.2 21.00 OK
r-release-macos-x86_64 1.2 25.00 OK
r-release-windows-x86_64 1.2 8.00 51.00 59.00 OK
r-oldrel-macos-arm64 1.2 18.00 OK
r-oldrel-macos-x86_64 1.2 33.00 OK
r-oldrel-windows-x86_64 1.2 7.00 50.00 57.00 OK

Check Details

Version: 1.2
Check: Rd files
Result: NOTE checkRd: (-1) preg2.Rd:8: Lost braces 8 | An object of class \\code{tbl_df} (inherits from \\code{tbl}, \\code{data.frame}) with 2 rows and 4 columns. | ^ checkRd: (-1) preg2.Rd:8: Lost braces 8 | An object of class \\code{tbl_df} (inherits from \\code{tbl}, \\code{data.frame}) with 2 rows and 4 columns. | ^ checkRd: (-1) preg2.Rd:8: Lost braces 8 | An object of class \\code{tbl_df} (inherits from \\code{tbl}, \\code{data.frame}) with 2 rows and 4 columns. | ^ Flavors: r-devel-linux-x86_64-debian-clang, r-devel-linux-x86_64-debian-gcc