CRAN Package Check Results for Package sos

Last updated on 2022-01-19 23:49:12 CET.

Flavor Version Tinstall Tcheck Ttotal Status Flags
r-devel-linux-x86_64-debian-clang 2.1-0 OK
r-devel-linux-x86_64-debian-gcc 2.1-0 2.29 146.04 148.33 OK
r-devel-linux-x86_64-fedora-clang 2.1-0 194.23 NOTE
r-devel-linux-x86_64-fedora-gcc 2.1-0 167.38 OK
r-devel-windows-x86_64-new-UL 2.1-0 29.00 393.00 422.00 OK
r-devel-windows-x86_64-new-TK 2.1-0 OK
r-patched-linux-x86_64 2.1-0 4.43 100.48 104.91 OK
r-release-linux-x86_64 2.1-0 OK
r-release-macos-arm64 2.1-0 NOTE
r-release-macos-x86_64 2.1-0 OK
r-release-windows-ix86+x86_64 2.1-0 7.00 137.00 144.00 OK
r-oldrel-macos-x86_64 2.1-0 OK
r-oldrel-windows-ix86+x86_64 2.1-0 18.00 147.00 165.00 OK

Check Details

Version: 2.1-0
Check: Rd cross-references
Result: NOTE
    Undeclared package ‘testthat’ in Rd xrefs
Flavor: r-devel-linux-x86_64-fedora-clang

Version: 2.1-0
Check: re-building of vignette outputs
Result: NOTE
    Error(s) in re-building vignettes:
     ...
    --- re-building ‘sos.Rnw’ using Sweave
    Loading required package: brew
    
    Attaching package: 'sos'
    
    The following object is masked from 'package:utils':
    
     ?
    
    Warning in readLines(f) :
     incomplete final line found on '/Volumes/Builds/packages/big-sur-arm64/Rlib/4.1/mdsOpt/INDEX'
    Warning in readLines(f) :
     incomplete final line found on '/Volumes/Builds/packages/big-sur-arm64/Rlib/4.1/cosso/INDEX'
    
    Execution halted
    
    * checking PDF version of manual ...* using check arguments '--no-clean-on-error '
Flavor: r-release-macos-arm64