Last updated on 2023-03-23 23:52:04 CET.
Flavor | Version | Tinstall | Tcheck | Ttotal | Status | Flags |
---|---|---|---|---|---|---|
r-devel-linux-x86_64-debian-clang | 1.1.6 | 531.87 | 96.63 | 628.50 | OK | |
r-devel-linux-x86_64-debian-gcc | 1.1.6 | 428.97 | 72.13 | 501.10 | OK | |
r-devel-linux-x86_64-fedora-clang | 1.1.6 | 889.97 | OK | |||
r-devel-linux-x86_64-fedora-gcc | 1.1.6 | 845.48 | OK | |||
r-patched-linux-x86_64 | 1.1.6 | 407.48 | 93.26 | 500.74 | OK | |
r-release-linux-x86_64 | 1.1.6 | 343.64 | 94.76 | 438.40 | OK | |
r-release-macos-arm64 | 1.1.6 | 219.00 | NOTE | |||
r-release-macos-x86_64 | 1.1.6 | 242.00 | NOTE | |||
r-release-windows-x86_64 | 1.1.6 | 334.00 | 159.00 | 493.00 | OK | |
r-oldrel-macos-arm64 | 1.1.6 | 217.00 | NOTE | |||
r-oldrel-macos-x86_64 | 1.1.6 | 241.00 | NOTE | |||
r-oldrel-windows-ix86+x86_64 | 1.1.6 | 1144.00 | 199.00 | 1343.00 | NOTE |
Version: 1.1.6
Check: installed package size
Result: NOTE
installed size is 23.3Mb
sub-directories of 1Mb or more:
libs 22.5Mb
Flavors: r-release-macos-arm64, r-release-macos-x86_64, r-oldrel-macos-arm64, r-oldrel-macos-x86_64, r-oldrel-windows-ix86+x86_64