Last updated on 2025-04-30 17:01:05 CEST.
Flavor | Version | Tinstall | Tcheck | Ttotal | Status | Flags |
---|---|---|---|---|---|---|
r-devel-linux-x86_64-debian-clang | 0.4.4.6 | 149.39 | 287.51 | 436.90 | OK | |
r-devel-linux-x86_64-debian-gcc | 0.4.4.6 | 112.52 | 188.55 | 301.07 | OK | |
r-devel-linux-x86_64-fedora-clang | 0.4.4.6 | 769.69 | OK | |||
r-devel-linux-x86_64-fedora-gcc | 0.4.4.6 | 820.12 | OK | |||
r-devel-windows-x86_64 | 0.4.4.6 | 173.00 | 297.00 | 470.00 | OK | |
r-patched-linux-x86_64 | 0.4.4.6 | 160.33 | 259.74 | 420.07 | OK | |
r-release-linux-x86_64 | 0.4.4.6 | 164.23 | 261.35 | 425.58 | OK | |
r-release-macos-arm64 | 0.4.4.6 | 162.00 | OK | |||
r-release-macos-x86_64 | 0.4.4.6 | 259.00 | OK | |||
r-release-windows-x86_64 | 0.4.4.6 | 178.00 | 297.00 | 475.00 | OK | |
r-oldrel-macos-arm64 | 0.4.4.6 | 161.00 | NOTE | |||
r-oldrel-macos-x86_64 | 0.4.4.6 | 233.00 | NOTE | |||
r-oldrel-windows-x86_64 | 0.4.4.6 | 188.00 | 389.00 | 577.00 | NOTE |
Version: 0.4.4.6
Check: installed package size
Result: NOTE
installed size is 17.7Mb
sub-directories of 1Mb or more:
doc 1.0Mb
extdata 2.6Mb
libs 12.6Mb
Flavors: r-oldrel-macos-arm64, r-oldrel-macos-x86_64, r-oldrel-windows-x86_64