CRAN Package Check Results for Package spaMM

Last updated on 2022-12-04 11:54:40 CET.

Flavor Version Tinstall Tcheck Ttotal Status Flags
r-devel-linux-x86_64-debian-clang 4.1.0 201.57 371.65 573.22 OK
r-devel-linux-x86_64-debian-gcc 4.1.0 178.59 279.86 458.45 OK
r-devel-linux-x86_64-fedora-clang 4.1.0 810.35 OK
r-devel-linux-x86_64-fedora-gcc 4.1.0 807.23 OK
r-devel-windows-x86_64 4.1.0 293.00 418.00 711.00 NOTE
r-patched-linux-x86_64 4.1.0 211.33 349.03 560.36 OK
r-release-linux-x86_64 4.1.0 176.98 370.23 547.21 OK
r-release-macos-arm64 4.1.0 199.00 NOTE
r-release-macos-x86_64 4.1.0 221.00 NOTE
r-release-windows-x86_64 4.1.0 329.00 438.00 767.00 NOTE
r-oldrel-macos-arm64 4.1.0 148.00 NOTE
r-oldrel-macos-x86_64 4.1.0 221.00 NOTE
r-oldrel-windows-ix86+x86_64 4.1.0 437.00 505.00 942.00 WARN

Check Details

Version: 4.1.0
Check: installed package size
Result: NOTE
     installed size is 5.5Mb
     sub-directories of 1Mb or more:
     R 2.5Mb
     libs 1.8Mb
Flavors: r-devel-windows-x86_64, r-release-macos-arm64, r-release-macos-x86_64, r-release-windows-x86_64, r-oldrel-macos-arm64, r-oldrel-macos-x86_64, r-oldrel-windows-ix86+x86_64

Version: 4.1.0
Check: for unstated dependencies in ‘tests’
Result: WARN
    Warning: unable to access index for repository https://bioconductor.org/packages/3.14/bioc/src/contrib:
     cannot open URL 'https://bioconductor.org/packages/3.14/bioc/src/contrib/PACKAGES'
    Warning: unable to access index for repository https://bioconductor.org/packages/3.14/data/annotation/src/contrib:
     cannot open URL 'https://bioconductor.org/packages/3.14/data/annotation/src/contrib/PACKAGES'
    Warning: unable to access index for repository https://bioconductor.org/packages/3.14/data/experiment/src/contrib:
     cannot open URL 'https://bioconductor.org/packages/3.14/data/experiment/src/contrib/PACKAGES'
Flavor: r-oldrel-windows-ix86+x86_64