Last updated on 2023-09-27 13:04:42 CEST.
Flavor | Version | Tinstall | Tcheck | Ttotal | Status | Flags |
---|---|---|---|---|---|---|
r-devel-linux-x86_64-debian-clang | 4.4.0 | 224.48 | 414.82 | 639.30 | OK | |
r-devel-linux-x86_64-debian-gcc | 4.4.0 | 180.31 | 312.63 | 492.94 | OK | |
r-devel-linux-x86_64-fedora-clang | 4.4.0 | 838.59 | NOTE | |||
r-devel-linux-x86_64-fedora-gcc | 4.4.0 | 926.87 | OK | |||
r-devel-windows-x86_64 | 4.4.0 | 164.00 | 321.00 | 485.00 | NOTE | |
r-patched-linux-x86_64 | 4.4.0 | 170.25 | 411.35 | 581.60 | OK | |
r-release-linux-x86_64 | 4.4.0 | 161.55 | 416.21 | 577.76 | OK | |
r-release-macos-arm64 | 4.4.0 | 176.00 | NOTE | |||
r-release-macos-x86_64 | 4.4.0 | 402.00 | NOTE | |||
r-release-windows-x86_64 | 4.4.0 | 226.00 | 422.00 | 648.00 | NOTE | |
r-oldrel-macos-arm64 | 4.4.0 | 165.00 | NOTE | |||
r-oldrel-macos-x86_64 | 4.4.0 | 238.00 | NOTE | |||
r-oldrel-windows-x86_64 | 4.4.0 | 207.00 | 397.00 | 604.00 | NOTE |
Version: 4.4.0
Check: installed package size
Result: NOTE
installed size is 5.1Mb
sub-directories of 1Mb or more:
R 2.7Mb
libs 1.0Mb
Flavors: r-devel-linux-x86_64-fedora-clang, r-devel-windows-x86_64, r-release-macos-arm64, r-release-macos-x86_64, r-release-windows-x86_64, r-oldrel-macos-arm64, r-oldrel-macos-x86_64, r-oldrel-windows-x86_64