CRAN Package Check Results for Package spacyr

Last updated on 2022-01-17 19:49:50 CET.

Flavor Version Tinstall Tcheck Ttotal Status Flags
r-devel-linux-x86_64-debian-clang 1.2.1 9.16 87.33 96.49 OK
r-devel-linux-x86_64-debian-gcc 1.2.1 7.02 66.18 73.20 OK
r-devel-linux-x86_64-fedora-clang 1.2.1 124.67 NOTE
r-devel-linux-x86_64-fedora-gcc 1.2.1 106.55 NOTE
r-devel-windows-x86_64-new-UL 1.2.1 54.00 106.00 160.00 OK
r-devel-windows-x86_64-new-TK 1.2.1 NOTE
r-patched-linux-x86_64 1.2.1 7.17 84.14 91.31 OK
r-release-linux-x86_64 1.2.1 OK
r-release-macos-arm64 1.2.1 NOTE
r-release-macos-x86_64 1.2.1 NOTE
r-release-windows-ix86+x86_64 1.2.1 21.00 103.00 124.00 OK
r-oldrel-macos-x86_64 1.2.1 NOTE
r-oldrel-windows-ix86+x86_64 1.2.1 22.00 100.00 122.00 OK

Check Details

Version: 1.2.1
Check: data for non-ASCII characters
Result: NOTE
     Note: found 1 marked UTF-8 string
Flavors: r-devel-linux-x86_64-fedora-clang, r-devel-linux-x86_64-fedora-gcc, r-devel-windows-x86_64-new-TK, r-release-macos-arm64, r-release-macos-x86_64, r-oldrel-macos-x86_64