CRAN Package Check Results for Package sparkhail

Last updated on 2022-01-22 07:52:58 CET.

Flavor Version Tinstall Tcheck Ttotal Status Flags
r-devel-linux-x86_64-debian-clang 0.1.1 6.90 67.28 74.18 NOTE
r-devel-linux-x86_64-debian-gcc 0.1.1 5.68 50.41 56.09 NOTE
r-devel-linux-x86_64-fedora-clang 0.1.1 92.95 NOTE
r-devel-linux-x86_64-fedora-gcc 0.1.1 76.98 NOTE
r-devel-windows-x86_64-new-UL 0.1.1 37.00 82.00 119.00 NOTE
r-devel-windows-x86_64-new-TK 0.1.1 NOTE
r-patched-linux-x86_64 0.1.1 4.87 64.03 68.90 NOTE
r-release-linux-x86_64 0.1.1 4.54 63.29 67.83 NOTE
r-release-macos-arm64 0.1.1 NOTE
r-release-macos-x86_64 0.1.1 NOTE
r-release-windows-ix86+x86_64 0.1.1 16.00 79.00 95.00 NOTE
r-oldrel-macos-x86_64 0.1.1 OK
r-oldrel-windows-ix86+x86_64 0.1.1 17.00 78.00 95.00 OK

Check Details

Version: 0.1.1
Check: LazyData
Result: NOTE
     'LazyData' is specified without a 'data' directory
Flavors: r-devel-linux-x86_64-debian-clang, r-devel-linux-x86_64-debian-gcc, r-devel-linux-x86_64-fedora-clang, r-devel-linux-x86_64-fedora-gcc, r-devel-windows-x86_64-new-UL, r-devel-windows-x86_64-new-TK, r-patched-linux-x86_64, r-release-linux-x86_64, r-release-macos-arm64, r-release-macos-x86_64, r-release-windows-ix86+x86_64