CRAN Package Check Results for Package sparkxgb

Last updated on 2022-05-22 09:52:28 CEST.

Flavor Version Tinstall Tcheck Ttotal Status Flags
r-devel-linux-x86_64-debian-clang 0.1.1 9.54 74.06 83.60 NOTE
r-devel-linux-x86_64-debian-gcc 0.1.1 6.42 55.17 61.59 NOTE
r-devel-linux-x86_64-fedora-clang 0.1.1 98.67 NOTE
r-devel-linux-x86_64-fedora-gcc 0.1.1 96.99 NOTE
r-devel-windows-x86_64 0.1.1 23.00 90.00 113.00 NOTE
r-patched-linux-x86_64 0.1.1 12.87 68.37 81.24 NOTE
r-release-linux-x86_64 0.1.1 7.80 69.28 77.08 NOTE
r-release-macos-arm64 0.1.1 28.00 NOTE
r-release-macos-x86_64 0.1.1 51.00 NOTE
r-release-windows-x86_64 0.1.1 23.00 94.00 117.00 NOTE
r-oldrel-macos-arm64 0.1.1 31.00 NOTE
r-oldrel-macos-x86_64 0.1.1 50.00 NOTE
r-oldrel-windows-ix86+x86_64 0.1.1 21.00 80.00 101.00 NOTE

Check Details

Version: 0.1.1
Check: LazyData
Result: NOTE
     'LazyData' is specified without a 'data' directory
Flavors: r-devel-linux-x86_64-debian-clang, r-devel-linux-x86_64-debian-gcc, r-devel-linux-x86_64-fedora-clang, r-devel-linux-x86_64-fedora-gcc, r-devel-windows-x86_64, r-patched-linux-x86_64, r-release-linux-x86_64, r-release-macos-arm64, r-release-macos-x86_64, r-release-windows-x86_64, r-oldrel-macos-arm64, r-oldrel-macos-x86_64, r-oldrel-windows-ix86+x86_64