CRAN Package Check Results for Package sparrpowR

Last updated on 2024-06-12 20:59:16 CEST.

Flavor Version Tinstall Tcheck Ttotal Status Flags
r-devel-linux-x86_64-debian-clang 0.2.8 52.82 482.00 534.82 OK
r-devel-linux-x86_64-debian-gcc 0.2.8 37.23 314.40 351.63 ERROR
r-devel-linux-x86_64-fedora-clang 0.2.8 436.32 OK
r-devel-linux-x86_64-fedora-gcc 0.2.8 431.16 OK
r-devel-windows-x86_64 0.2.8 27.00 252.00 279.00 OK
r-patched-linux-x86_64 0.2.8 42.62 453.88 496.50 OK
r-release-linux-x86_64 0.2.8 44.56 454.95 499.51 OK
r-release-macos-arm64 0.2.8 290.00 OK
r-release-macos-x86_64 0.2.8 286.00 OK
r-release-windows-x86_64 0.2.8 26.00 258.00 284.00 OK
r-oldrel-macos-arm64 0.2.8 141.00 OK
r-oldrel-macos-x86_64 0.2.8 357.00 OK
r-oldrel-windows-x86_64 0.2.8 35.00 373.00 408.00 OK

Check Details

Version: 0.2.8
Check: package dependencies
Result: NOTE Packages suggested but not available for checking: 'ggmap', 'ggplot2', 'testthat', 'tidyterra' Flavor: r-devel-linux-x86_64-debian-gcc

Version: 0.2.8
Check: tests
Result: ERROR Running ‘spelling.R’ [0s/1s] Running ‘testthat.R’ [0s/1s] Running the tests in ‘tests/testthat.R’ failed. Complete output: > library(testthat) Error in library(testthat) : there is no package called 'testthat' Execution halted Flavor: r-devel-linux-x86_64-debian-gcc