CRAN Package Check Results for Package sparsebnUtils

Last updated on 2022-05-17 17:51:14 CEST.

Flavor Version Tinstall Tcheck Ttotal Status Flags
r-devel-linux-x86_64-debian-clang 0.0.8 5.14 72.06 77.20 NOTE
r-devel-linux-x86_64-debian-gcc 0.0.8 3.03 55.01 58.04 NOTE
r-devel-linux-x86_64-fedora-clang 0.0.8 92.27 NOTE
r-devel-linux-x86_64-fedora-gcc 0.0.8 90.73 NOTE
r-devel-windows-x86_64 0.0.8 144.00 84.00 228.00 OK
r-patched-linux-x86_64 0.0.8 5.73 68.88 74.61 NOTE
r-release-linux-x86_64 0.0.8 4.20 68.71 72.91 NOTE
r-release-macos-arm64 0.0.8 24.00 OK
r-release-macos-x86_64 0.0.8 40.00 NOTE
r-release-windows-x86_64 0.0.8 159.00 82.00 241.00 OK
r-oldrel-macos-arm64 0.0.8 35.00 NOTE
r-oldrel-macos-x86_64 0.0.8 47.00 OK
r-oldrel-windows-ix86+x86_64 0.0.8 9.00 76.00 85.00 OK

Check Details

Version: 0.0.8
Check: Rd cross-references
Result: NOTE
    Unknown package 'sparsebn' in Rd xrefs
Flavors: r-devel-linux-x86_64-debian-clang, r-devel-linux-x86_64-debian-gcc, r-devel-linux-x86_64-fedora-gcc, r-patched-linux-x86_64, r-release-linux-x86_64, r-release-macos-x86_64

Version: 0.0.8
Check: Rd cross-references
Result: NOTE
    Undeclared package ‘sparsebn’ in Rd xrefs
    Unknown package ‘sparsebn’ in Rd xrefs
Flavor: r-devel-linux-x86_64-fedora-clang

Version: 0.0.8
Check: package dependencies
Result: NOTE
    Package suggested but not available for checking: ‘RCy3’
Flavor: r-oldrel-macos-arm64

Version: 0.0.8
Check: Rd cross-references
Result: NOTE
    Package unavailable to check Rd xrefs: ‘RCy3’
Flavor: r-oldrel-macos-arm64