Last updated on 2025-01-25 20:50:03 CET.
Flavor | Version | Tinstall | Tcheck | Ttotal | Status | Flags |
---|---|---|---|---|---|---|
r-devel-linux-x86_64-debian-clang | 0.2-2 | 7.66 | 64.70 | 72.36 | NOTE | |
r-devel-linux-x86_64-debian-gcc | 0.2-2 | 6.21 | 50.97 | 57.18 | NOTE | |
r-devel-linux-x86_64-fedora-clang | 0.2-2 | 113.93 | OK | |||
r-devel-linux-x86_64-fedora-gcc | 0.2-2 | 116.50 | OK | |||
r-devel-windows-x86_64 | 0.2-2 | 11.00 | 80.00 | 91.00 | NOTE | |
r-patched-linux-x86_64 | 0.2-2 | 7.18 | 64.15 | 71.33 | OK | |
r-release-linux-x86_64 | 0.2-2 | 5.98 | 63.82 | 69.80 | OK | |
r-release-macos-arm64 | 0.2-2 | 38.00 | OK | |||
r-release-macos-x86_64 | 0.2-2 | 58.00 | OK | |||
r-release-windows-x86_64 | 0.2-2 | 11.00 | 78.00 | 89.00 | OK | |
r-oldrel-macos-arm64 | 0.2-2 | 39.00 | OK | |||
r-oldrel-macos-x86_64 | 0.2-2 | 68.00 | OK | |||
r-oldrel-windows-x86_64 | 0.2-2 | 11.00 | 93.00 | 104.00 | OK |
Version: 0.2-2
Check: Rd cross-references
Result: NOTE
Found the following Rd file(s) with Rd \link{} targets missing package
anchors:
sparsesvd.Rd: dgCMatrix-class, sparseMatrix
Please provide package anchors for all Rd \link{} targets not in the
package itself and the base packages.
Flavors: r-devel-linux-x86_64-debian-clang, r-devel-linux-x86_64-debian-gcc, r-devel-windows-x86_64