CRAN Package Check Results for Package spass

Last updated on 2022-01-22 07:52:58 CET.

Flavor Version Tinstall Tcheck Ttotal Status Flags
r-devel-linux-x86_64-debian-clang 1.3 30.48 120.99 151.47 NOTE
r-devel-linux-x86_64-debian-gcc 1.3 24.79 88.43 113.22 NOTE
r-devel-linux-x86_64-fedora-clang 1.3 197.47 NOTE
r-devel-linux-x86_64-fedora-gcc 1.3 171.25 NOTE
r-devel-windows-x86_64-new-UL 1.3 42.00 158.00 200.00 NOTE
r-devel-windows-x86_64-new-TK 1.3 NOTE
r-patched-linux-x86_64 1.3 31.82 111.04 142.86 NOTE
r-release-linux-x86_64 1.3 21.64 111.74 133.38 NOTE
r-release-macos-arm64 1.3 NOTE
r-release-macos-x86_64 1.3 NOTE
r-release-windows-ix86+x86_64 1.3 73.00 187.00 260.00 NOTE
r-oldrel-macos-x86_64 1.3 OK
r-oldrel-windows-ix86+x86_64 1.3 74.00 191.00 265.00 OK

Check Details

Version: 1.3
Check: LazyData
Result: NOTE
     'LazyData' is specified without a 'data' directory
Flavors: r-devel-linux-x86_64-debian-clang, r-devel-linux-x86_64-debian-gcc, r-devel-linux-x86_64-fedora-clang, r-devel-linux-x86_64-fedora-gcc, r-devel-windows-x86_64-new-UL, r-devel-windows-x86_64-new-TK, r-patched-linux-x86_64, r-release-linux-x86_64, r-release-macos-arm64, r-release-macos-x86_64, r-release-windows-ix86+x86_64