CRAN Package Check Results for Package spatsoc

Last updated on 2024-02-21 15:50:59 CET.

Flavor Version Tinstall Tcheck Ttotal Status Flags
r-devel-linux-x86_64-debian-clang 0.2.2 OK
r-devel-linux-x86_64-debian-gcc 0.2.2 3.39 120.52 123.91 OK
r-devel-linux-x86_64-fedora-clang 0.2.2 194.71 NOTE
r-devel-linux-x86_64-fedora-gcc 0.2.2 203.83 OK
r-devel-windows-x86_64 0.2.2 5.00 126.00 131.00 OK
r-patched-linux-x86_64 0.2.2 5.25 152.99 158.24 OK
r-release-linux-x86_64 0.2.2 4.06 155.26 159.32 OK
r-release-macos-arm64 0.2.2 67.00 OK
r-release-macos-x86_64 0.2.2 120.00 OK
r-release-windows-x86_64 0.2.2 6.00 168.00 174.00 OK
r-oldrel-macos-arm64 0.2.2 53.00 OK
r-oldrel-windows-x86_64 0.2.2 6.00 173.00 179.00 OK

Check Details

Version: 0.2.2
Check: Rd cross-references
Result: NOTE Undeclared package ‘sp’ in Rd xrefs Flavor: r-devel-linux-x86_64-fedora-clang