CRAN Package Check Results for Package spatstat.data

Last updated on 2022-11-27 07:56:15 CET.

Flavor Version Tinstall Tcheck Ttotal Status Flags
r-devel-linux-x86_64-debian-clang 3.0-0 9.81 88.58 98.39 OK
r-devel-linux-x86_64-debian-gcc 3.0-0 8.90 69.23 78.13 OK
r-devel-linux-x86_64-fedora-clang 3.0-0 135.11 OK
r-devel-linux-x86_64-fedora-gcc 3.0-0 132.13 OK
r-devel-windows-x86_64 3.0-0 127.00 134.00 261.00 OK
r-patched-linux-x86_64 3.0-0 12.37 83.82 96.19 OK
r-release-linux-x86_64 3.0-0 7.23 83.71 90.94 OK
r-release-macos-arm64 3.0-0 44.00 NOTE
r-release-macos-x86_64 3.0-0 64.00 NOTE
r-release-windows-x86_64 3.0-0 124.00 140.00 264.00 OK
r-oldrel-macos-arm64 3.0-0 47.00 NOTE
r-oldrel-macos-x86_64 3.0-0 66.00 NOTE
r-oldrel-windows-ix86+x86_64 3.0-0 21.00 118.00 139.00 OK

Check Details

Version: 3.0-0
Check: package dependencies
Result: NOTE
    Packages suggested but not available for checking:
     'spatstat.explore', 'spatstat.model'
Flavors: r-release-macos-arm64, r-release-macos-x86_64, r-oldrel-macos-arm64, r-oldrel-macos-x86_64

Version: 3.0-0
Check: Rd cross-references
Result: NOTE
    Package unavailable to check Rd xrefs: ‘spatstat.model’
Flavors: r-release-macos-arm64, r-release-macos-x86_64, r-oldrel-macos-arm64, r-oldrel-macos-x86_64