CRAN Package Check Results for Package spatstat

Last updated on 2018-07-20 08:48:26 CEST.

Flavor Version Tinstall Tcheck Ttotal Status Flags
r-devel-linux-x86_64-debian-clang 1.56-0 129.48 729.94 859.42 OK --no-tests
r-devel-linux-x86_64-debian-gcc 1.56-0 128.88 629.07 757.95 OK --no-tests
r-devel-linux-x86_64-fedora-clang 1.56-0 1653.96 NOTE
r-devel-linux-x86_64-fedora-gcc 1.56-0 1631.35 OK
r-devel-windows-ix86+x86_64 1.56-0 271.00 536.00 807.00 NOTE --no-examples --no-tests --no-vignettes
r-patched-linux-x86_64 1.56-0 135.62 817.32 952.94 OK --no-tests
r-patched-solaris-x86 1.56-0 2385.10 NOTE
r-release-linux-x86_64 1.56-0 137.77 823.25 961.02 OK --no-tests
r-release-windows-ix86+x86_64 1.56-0 369.00 442.00 811.00 NOTE --no-examples --no-tests --no-vignettes
r-release-osx-x86_64 1.56-0 NOTE
r-oldrel-windows-ix86+x86_64 1.56-0 358.00 400.00 758.00 NOTE --no-examples --no-tests --no-vignettes
r-oldrel-osx-x86_64 1.56-0 NOTE

Additional issues

valgrind

Check Details

Version: 1.56-0
Check: installed package size
Result: NOTE
     installed size is 17.6Mb
     sub-directories of 1Mb or more:
     R 5.0Mb
     doc 4.8Mb
     help 5.0Mb
     libs 1.9Mb
Flavors: r-devel-linux-x86_64-fedora-clang, r-patched-solaris-x86, r-release-osx-x86_64, r-oldrel-osx-x86_64

Version: 1.56-0
Flags: --no-examples --no-tests --no-vignettes
Check: installed package size
Result: NOTE
     installed size is 17.0Mb
     sub-directories of 1Mb or more:
     R 5.0Mb
     doc 4.8Mb
     help 5.0Mb
     libs 1.2Mb
Flavors: r-devel-windows-ix86+x86_64, r-release-windows-ix86+x86_64, r-oldrel-windows-ix86+x86_64

Version: 1.56-0
Check: package dependencies
Result: NOTE
    Package suggested but not available for checking: ‘rpanel’
Flavor: r-release-osx-x86_64