CRAN Package Check Results for Package spatstat

Last updated on 2018-01-21 19:50:08 CET.

Flavor Version Tinstall Tcheck Ttotal Status Flags
r-devel-linux-x86_64-debian-clang 1.54-0 136.57 859.88 996.45 OK --no-tests
r-devel-linux-x86_64-debian-gcc 1.54-0 133.30 623.27 756.57 OK --no-tests
r-devel-linux-x86_64-fedora-clang 1.54-0 1368.54 NOTE
r-devel-linux-x86_64-fedora-gcc 1.54-0 1377.81 NOTE
r-devel-windows-ix86+x86_64 1.54-0 268.00 444.00 712.00 NOTE --no-examples --no-tests --no-vignettes
r-patched-linux-x86_64 1.54-0 141.44 863.02 1004.46 OK --no-tests
r-patched-solaris-x86 1.54-0 1878.50 NOTE
r-release-linux-x86_64 1.54-0 144.42 837.03 981.45 OK --no-tests
r-release-windows-ix86+x86_64 1.54-0 361.00 530.00 891.00 NOTE --no-examples --no-tests --no-vignettes
r-release-osx-x86_64 1.54-0 NOTE
r-oldrel-windows-ix86+x86_64 1.54-0 337.00 583.00 920.00 NOTE --no-examples --no-tests --no-vignettes
r-oldrel-osx-x86_64 1.54-0 NOTE

Check Details

Version: 1.54-0
Check: installed package size
Result: NOTE
     installed size is 17.3Mb
     sub-directories of 1Mb or more:
     R 4.9Mb
     doc 4.7Mb
     help 4.9Mb
     libs 1.8Mb
Flavors: r-devel-linux-x86_64-fedora-clang, r-devel-linux-x86_64-fedora-gcc, r-patched-solaris-x86, r-release-osx-x86_64, r-oldrel-osx-x86_64

Version: 1.54-0
Flags: --no-examples --no-tests --no-vignettes
Check: installed package size
Result: NOTE
     installed size is 16.6Mb
     sub-directories of 1Mb or more:
     R 4.9Mb
     doc 4.7Mb
     help 4.9Mb
     libs 1.2Mb
Flavors: r-devel-windows-ix86+x86_64, r-release-windows-ix86+x86_64, r-oldrel-windows-ix86+x86_64