CRAN Package Check Results for Package spatstat

Last updated on 2018-10-21 00:46:53 CEST.

Flavor Version Tinstall Tcheck Ttotal Status Flags
r-devel-linux-x86_64-debian-clang 1.56-1 137.28 849.66 986.94 OK --no-tests
r-devel-linux-x86_64-debian-gcc 1.56-1 116.48 649.72 766.20 OK --no-tests
r-devel-linux-x86_64-fedora-clang 1.56-1 1732.18 NOTE
r-devel-linux-x86_64-fedora-gcc 1.56-1 1736.82 OK
r-devel-windows-ix86+x86_64 1.56-1 343.00 411.00 754.00 NOTE --no-examples --no-tests --no-vignettes
r-patched-linux-x86_64 1.56-1 133.33 811.38 944.71 OK --no-tests
r-patched-solaris-x86 1.56-1 2402.60 NOTE
r-release-linux-x86_64 1.56-1 139.50 812.67 952.17 OK --no-tests
r-release-windows-ix86+x86_64 1.56-1 332.00 541.00 873.00 NOTE --no-examples --no-tests --no-vignettes
r-release-osx-x86_64 1.56-1 NOTE
r-oldrel-windows-ix86+x86_64 1.56-1 252.00 567.00 819.00 NOTE --no-examples --no-tests --no-vignettes
r-oldrel-osx-x86_64 1.56-1 NOTE

Check Details

Version: 1.56-1
Check: installed package size
Result: NOTE
     installed size is 17.8Mb
     sub-directories of 1Mb or more:
     R 5.0Mb
     doc 4.8Mb
     help 5.0Mb
     libs 1.9Mb
Flavors: r-devel-linux-x86_64-fedora-clang, r-patched-solaris-x86, r-release-osx-x86_64, r-oldrel-osx-x86_64

Version: 1.56-1
Flags: --no-examples --no-tests --no-vignettes
Check: installed package size
Result: NOTE
     installed size is 17.0Mb
     sub-directories of 1Mb or more:
     R 5.0Mb
     doc 4.8Mb
     help 5.0Mb
     libs 1.2Mb
Flavors: r-devel-windows-ix86+x86_64, r-release-windows-ix86+x86_64, r-oldrel-windows-ix86+x86_64

Version: 1.56-1
Check: package dependencies
Result: NOTE
    Package suggested but not available for checking: ‘rpanel’
Flavor: r-release-osx-x86_64