CRAN Package Check Results for Package spdep

Last updated on 2021-10-16 08:50:59 CEST.

Flavor Version Tinstall Tcheck Ttotal Status Flags
r-devel-linux-x86_64-debian-clang 1.1-11 56.62 521.39 578.01 OK
r-devel-linux-x86_64-debian-gcc 1.1-11 44.41 381.24 425.65 OK
r-devel-linux-x86_64-fedora-clang 1.1-11 740.21 NOTE
r-devel-linux-x86_64-fedora-gcc 1.1-11 729.35 OK
r-devel-windows-x86_64 1.1-11 59.00 359.00 418.00 NOTE
r-devel-windows-x86_64-gcc10-UCRT 1.1-11 OK
r-patched-linux-x86_64 1.1-11 59.37 546.00 605.37 OK
r-patched-solaris-x86 1.1-11 867.80 NOTE
r-release-linux-x86_64 1.1-11 51.24 540.65 591.89 OK
r-release-macos-arm64 1.1-11 NOTE
r-release-macos-x86_64 1.1-11 NOTE
r-release-windows-ix86+x86_64 1.1-11 101.00 605.00 706.00 NOTE
r-oldrel-macos-x86_64 1.1-11 NOTE
r-oldrel-windows-ix86+x86_64 1.1-11 102.00 616.00 718.00 NOTE

Check Details

Version: 1.1-11
Check: installed package size
Result: NOTE
     installed size is 9.6Mb
     sub-directories of 1Mb or more:
     R 1.3Mb
     doc 6.1Mb
     etc 1.4Mb
Flavors: r-devel-linux-x86_64-fedora-clang, r-devel-windows-x86_64, r-patched-solaris-x86, r-release-macos-arm64, r-release-macos-x86_64, r-release-windows-ix86+x86_64, r-oldrel-macos-x86_64, r-oldrel-windows-ix86+x86_64