Last updated on 2023-12-05 07:48:47 CET.
Flavor | Version | Tinstall | Tcheck | Ttotal | Status | Flags |
---|---|---|---|---|---|---|
r-devel-linux-x86_64-debian-clang | 1.0.6 | 10.03 | 110.44 | 120.47 | NOTE | |
r-devel-linux-x86_64-debian-gcc | 1.0.6 | 6.81 | 84.91 | 91.72 | NOTE | |
r-devel-linux-x86_64-fedora-clang | 1.0.6 | 152.35 | OK | |||
r-devel-linux-x86_64-fedora-gcc | 1.0.6 | 168.01 | OK | |||
r-devel-windows-x86_64 | 1.0.6 | 9.00 | 115.00 | 124.00 | OK | |
r-patched-linux-x86_64 | 1.0.6 | 8.57 | 106.55 | 115.12 | OK | |
r-release-linux-x86_64 | 1.0.6 | 7.95 | 106.94 | 114.89 | OK | |
r-release-macos-arm64 | 1.0.6 | 53.00 | OK | |||
r-release-macos-x86_64 | 1.0.6 | 83.00 | OK | |||
r-release-windows-x86_64 | 1.0.6 | 11.00 | 136.00 | 147.00 | OK | |
r-oldrel-macos-arm64 | 1.0.6 | 45.00 | OK | |||
r-oldrel-macos-x86_64 | 1.0.6 | 62.00 | OK | |||
r-oldrel-windows-x86_64 | 1.0.6 | 15.00 | 142.00 | 157.00 | OK |
Version: 1.0.6
Check: Rd files
Result: NOTE
checkRd: (-1) cartesian_to_xy.Rd:21: Lost braces; missing escapes or markup?
21 | in the polar coordinate system, r_k and r_{k+1} are the radius of the two loops at theta + 2*pi*a and theta + 2*pi*(a+1) that below and above the data point,
| ^
Flavors: r-devel-linux-x86_64-debian-clang, r-devel-linux-x86_64-debian-gcc