CRAN Package Check Results for Package splitFeas

Last updated on 2024-03-05 08:18:42 CET.

Flavor Version Tinstall Tcheck Ttotal Status Flags
r-devel-linux-x86_64-debian-clang 0.1.0 1.66 24.36 26.02 NOTE
r-devel-linux-x86_64-debian-gcc 0.1.0 2.05 19.21 21.26 NOTE
r-devel-linux-x86_64-fedora-clang 0.1.0 33.62 NOTE
r-devel-linux-x86_64-fedora-gcc 0.1.0 32.58 NOTE
r-devel-windows-x86_64 0.1.0 3.00 43.00 46.00 NOTE
r-patched-linux-x86_64 0.1.0 2.97 24.33 27.30 OK
r-release-linux-x86_64 0.1.0 2.40 24.12 26.52 OK
r-release-macos-arm64 0.1.0 17.00 OK
r-release-macos-x86_64 0.1.0 20.00 OK
r-release-windows-x86_64 0.1.0 3.00 43.00 46.00 OK
r-oldrel-macos-arm64 0.1.0 17.00 OK
r-oldrel-windows-x86_64 0.1.0 4.00 45.00 49.00 OK

Check Details

Version: 0.1.0
Check: Rd files
Result: NOTE checkRd: (-1) wood_inv_solve.Rd:7: Lost braces; missing escapes or markup? 7 | using the Woodbury formula. The function \code{mmqn_step} invokes \code{wood_inv_solve} instead of {ddg} if the argument | ^ checkRd: (-1) wood_inv_solve.Rd:26: Lost braces; missing escapes or markup? 26 | using the Woodbury formula. The function \code{mmqn_step} invokes \code{wood_inv_solve} instead of {ddg} if the argument | ^ Flavors: r-devel-linux-x86_64-debian-clang, r-devel-linux-x86_64-debian-gcc, r-devel-linux-x86_64-fedora-clang, r-devel-linux-x86_64-fedora-gcc, r-devel-windows-x86_64

Version: 0.1.0
Check: Rd metadata
Result: NOTE Invalid package aliases in Rd file 'split_feasibility.Rd': ‘split_feasibility-package’ Flavors: r-devel-linux-x86_64-debian-clang, r-devel-linux-x86_64-debian-gcc, r-devel-linux-x86_64-fedora-clang, r-devel-linux-x86_64-fedora-gcc, r-devel-windows-x86_64