Last updated on 2023-10-01 01:53:30 CEST.
Flavor | Version | Tinstall | Tcheck | Ttotal | Status | Flags |
---|---|---|---|---|---|---|
r-devel-linux-x86_64-debian-clang | 1.4.8 | 3.17 | 39.90 | 43.07 | NOTE | |
r-devel-linux-x86_64-debian-gcc | 1.4.8 | 2.62 | 28.98 | 31.60 | NOTE | |
r-devel-linux-x86_64-fedora-clang | 1.4.8 | 52.12 | NOTE | |||
r-devel-linux-x86_64-fedora-gcc | 1.4.8 | 50.08 | NOTE | |||
r-devel-windows-x86_64 | 1.4.8 | 6.00 | 58.00 | 64.00 | NOTE | |
r-patched-linux-x86_64 | 1.4.8 | 2.95 | 37.33 | 40.28 | NOTE | |
r-release-linux-x86_64 | 1.4.8 | 3.18 | 37.00 | 40.18 | NOTE | |
r-release-macos-arm64 | 1.4.8 | 19.00 | NOTE | |||
r-release-macos-x86_64 | 1.4.8 | 29.00 | NOTE | |||
r-release-windows-x86_64 | 1.4.8 | 6.00 | 58.00 | 64.00 | NOTE | |
r-oldrel-macos-arm64 | 1.4.8 | 18.00 | OK | |||
r-oldrel-macos-x86_64 | 1.4.8 | 29.00 | OK | |||
r-oldrel-windows-x86_64 | 1.4.8 | 7.00 | 55.00 | 62.00 | OK |
Version: 1.4.8
Check: package subdirectories
Result: NOTE
Problems with news in ‘NEWS.md’:
Cannot extract version info from the following section titles:
Feature Changes
Flavors: r-devel-linux-x86_64-debian-clang, r-devel-linux-x86_64-debian-gcc, r-devel-linux-x86_64-fedora-clang, r-devel-linux-x86_64-fedora-gcc, r-devel-windows-x86_64, r-patched-linux-x86_64, r-release-linux-x86_64, r-release-macos-arm64, r-release-macos-x86_64, r-release-windows-x86_64
Version: 1.4.8
Check: Rd cross-references
Result: NOTE
Undeclared packages ‘reshape2’, ‘sampling’, ‘dplyr’ in Rd xrefs
Flavor: r-devel-linux-x86_64-fedora-clang