CRAN Package Check Results for Package spmodel

Last updated on 2023-06-03 04:56:04 CEST.

Flavor Version Tinstall Tcheck Ttotal Status Flags
r-devel-linux-x86_64-debian-clang 0.4.0 46.67 556.71 603.38 OK
r-devel-linux-x86_64-debian-gcc 0.4.0 33.63 416.56 450.19 OK
r-devel-linux-x86_64-fedora-clang 0.4.0 806.34 WARN
r-devel-linux-x86_64-fedora-gcc 0.4.0 731.45 WARN
r-devel-windows-x86_64 0.4.0 34.00 504.00 538.00 NOTE
r-patched-linux-x86_64 0.4.0 OK
r-release-linux-x86_64 0.4.0 41.91 530.51 572.42 OK
r-release-macos-arm64 0.4.0 214.00 ERROR
r-release-macos-x86_64 0.3.0 256.00 OK
r-release-windows-x86_64 0.4.0 43.00 512.00 555.00 NOTE
r-oldrel-macos-arm64 0.4.0 194.00 ERROR
r-oldrel-macos-x86_64 0.4.0 251.00 NOTE
r-oldrel-windows-x86_64 0.4.0 44.00 527.00 571.00 NOTE

Check Details

Version: 0.4.0
Check: installed package size
Result: NOTE
     installed size is 5.5Mb
     sub-directories of 1Mb or more:
     R 1.1Mb
     doc 3.0Mb
Flavors: r-devel-linux-x86_64-fedora-clang, r-devel-windows-x86_64, r-release-macos-arm64, r-release-windows-x86_64, r-oldrel-macos-arm64, r-oldrel-macos-x86_64, r-oldrel-windows-x86_64

Version: 0.4.0
Check: sizes of PDF files under ‘inst/doc’
Result: WARN
     ‘gs+qpdf’ made some significant size reductions:
     compacted ‘technical.pdf’ from 844Kb to 582Kb
     consider running tools::compactPDF(gs_quality = "ebook") on these files
Flavors: r-devel-linux-x86_64-fedora-clang, r-devel-linux-x86_64-fedora-gcc

Version: 0.4.0
Check: re-building of vignette outputs
Result: ERROR
    Error(s) in re-building vignettes:
     ...
    --- re-building ‘basics.Rmd’ using rmarkdown
    --- finished re-building ‘basics.Rmd’
    
    --- re-building ‘guide.Rmd’ using rmarkdown
    --- finished re-building ‘guide.Rmd’
    
    --- re-building ‘technical.Rmd’ using rmarkdown
    ! kpathsea: Running mktexpk --mfmode / --bdpi 600 --mag 1+0/600 --dpi 600 bbm10
    
    ! mkdir: ././opt/tex/texmf-var/fonts/pk/ljfour/public: Permission denied
    
    ! mktexpk: /opt/tex/texmf-dist/web2c/mktexdir /opt/tex/texmf-var/fonts/pk/ljfour/public/bbm failed.
    
    ! kpathsea: Appending font creation commands to missfont.log.
    
    Error: processing vignette 'technical.Rmd' failed with diagnostics:
    LaTeX failed to compile /Volumes/Builds/packages/big-sur-arm64/results/4.3/spmodel.Rcheck/vign_test/spmodel/vignettes/technical.tex. See https://yihui.org/tinytex/r/#debugging for debugging tips. See technical.log for more info.
    --- failed re-building ‘technical.Rmd’
    
    SUMMARY: processing the following file failed:
     ‘technical.Rmd’
    
    Error: Vignette re-building failed.
    Execution halted
Flavor: r-release-macos-arm64

Version: 0.4.0
Check: re-building of vignette outputs
Result: ERROR
    Error(s) in re-building vignettes:
     ...
    --- re-building ‘basics.Rmd’ using rmarkdown
    --- finished re-building ‘basics.Rmd’
    
    --- re-building ‘guide.Rmd’ using rmarkdown
    --- finished re-building ‘guide.Rmd’
    
    --- re-building ‘technical.Rmd’ using rmarkdown
    ! kpathsea: Running mktexpk --mfmode / --bdpi 600 --mag 1+0/600 --dpi 600 bbm10
    
    ! mkdir: ././opt/tex/texmf-var/fonts/pk/ljfour/public: Permission denied
    
    ! mktexpk: /opt/tex/texmf-dist/web2c/mktexdir /opt/tex/texmf-var/fonts/pk/ljfour/public/bbm failed.
    
    ! kpathsea: Appending font creation commands to missfont.log.
    
    Error: processing vignette 'technical.Rmd' failed with diagnostics:
    LaTeX failed to compile /Volumes/Builds/packages/big-sur-arm64/results/4.2/spmodel.Rcheck/vign_test/spmodel/vignettes/technical.tex. See https://yihui.org/tinytex/r/#debugging for debugging tips. See technical.log for more info.
    --- failed re-building ‘technical.Rmd’
    
    SUMMARY: processing the following file failed:
     ‘technical.Rmd’
    
    Error: Vignette re-building failed.
    Execution halted
Flavor: r-oldrel-macos-arm64