CRAN Package Check Results for Package spotGUI

Last updated on 2022-01-20 03:55:43 CET.

Flavor Version Tinstall Tcheck Ttotal Status Flags
r-devel-linux-x86_64-debian-clang 0.2.3 OK
r-devel-linux-x86_64-debian-gcc 0.2.3 14.05 114.98 129.03 OK
r-devel-linux-x86_64-fedora-clang 0.2.3 206.58 NOTE
r-devel-linux-x86_64-fedora-gcc 0.2.3 195.23 NOTE
r-devel-windows-x86_64-new-UL 0.2.3 122.00 177.00 299.00 OK
r-devel-windows-x86_64-new-TK 0.2.3 NOTE
r-patched-linux-x86_64 0.2.3 15.50 135.01 150.51 OK
r-release-linux-x86_64 0.2.3 OK
r-release-macos-arm64 0.2.3 NOTE
r-release-macos-x86_64 0.2.3 NOTE
r-release-windows-ix86+x86_64 0.2.3 38.00 153.00 191.00 OK
r-oldrel-macos-x86_64 0.2.3 NOTE
r-oldrel-windows-ix86+x86_64 0.2.3 39.00 156.00 195.00 OK

Check Details

Version: 0.2.3
Check: dependencies in R code
Result: NOTE
    Namespace in Imports field not imported from: ‘batchtools’
     All declared Imports should be used.
Flavors: r-devel-linux-x86_64-fedora-clang, r-devel-linux-x86_64-fedora-gcc, r-devel-windows-x86_64-new-TK, r-release-macos-arm64, r-release-macos-x86_64, r-oldrel-macos-x86_64