CRAN Package Check Results for Package spsurvey

Last updated on 2021-09-23 00:49:05 CEST.

Flavor Version Tinstall Tcheck Ttotal Status Flags
r-devel-linux-x86_64-debian-clang 4.1.4 42.66 280.19 322.85 OK --no-vignettes
r-devel-linux-x86_64-debian-gcc 4.1.4 32.05 200.76 232.81 OK --no-vignettes
r-devel-linux-x86_64-fedora-clang 4.1.4 1700.85 OK
r-devel-linux-x86_64-fedora-gcc 4.1.4 1476.04 OK
r-devel-windows-x86_64 4.1.4 41.00 209.00 250.00 OK --no-vignettes
r-devel-windows-x86_64-gcc10-UCRT 4.1.4 ERROR --no-vignettes
r-patched-linux-x86_64 4.1.4 46.74 261.96 308.70 OK --no-vignettes
r-patched-solaris-x86 4.1.4 644.80 NOTE --no-vignettes
r-release-linux-x86_64 4.1.4 38.32 264.52 302.84 OK --no-vignettes
r-release-macos-arm64 4.1.4 OK
r-release-macos-x86_64 4.1.4 OK
r-release-windows-ix86+x86_64 4.1.4 75.00 207.00 282.00 OK --no-vignettes
r-oldrel-macos-x86_64 4.1.4 OK
r-oldrel-windows-ix86+x86_64 4.1.4 50.00 225.00 275.00 OK --no-vignettes

Check Details

Version: 4.1.4
Flags: --no-vignettes
Check: package dependencies
Result: ERROR
    Packages required but not available: 'Hmisc', 'sf'
    
    Package suggested but not available for checking: 'lwgeom'
    
    See section 'The DESCRIPTION file' in the 'Writing R Extensions'
    manual.
Flavor: r-devel-windows-x86_64-gcc10-UCRT

Version: 4.1.4
Flags: --no-vignettes
Check: installed package size
Result: NOTE
     installed size is 5.4Mb
     sub-directories of 1Mb or more:
     doc 2.9Mb
Flavor: r-patched-solaris-x86