CRAN Package Check Results for Package sqliteutils

Last updated on 2024-02-29 00:55:55 CET.

Flavor Version Tinstall Tcheck Ttotal Status Flags
r-devel-linux-x86_64-debian-clang 0.1.0 2.06 25.66 27.72 OK
r-devel-linux-x86_64-debian-gcc 0.1.0 1.41 20.03 21.44 OK
r-devel-linux-x86_64-fedora-clang 0.1.0 35.05 NOTE
r-devel-linux-x86_64-fedora-gcc 0.1.0 32.49 NOTE
r-devel-windows-x86_64 0.1.0 2.00 40.00 42.00 OK
r-patched-linux-x86_64 0.1.0 1.59 25.64 27.23 OK
r-release-linux-x86_64 0.1.0 1.35 25.06 26.41 OK
r-release-macos-arm64 0.1.0 19.00 OK
r-release-macos-x86_64 0.1.0 24.00 OK
r-release-windows-x86_64 0.1.0 4.00 42.00 46.00 OK
r-oldrel-macos-arm64 0.1.0 17.00 NOTE
r-oldrel-windows-x86_64 0.1.0 3.00 49.00 52.00 OK

Check Details

Version: 0.1.0
Check: dependencies in R code
Result: NOTE Namespaces in Imports field not imported from: ‘DBI’ ‘RSQLite’ ‘dbplyr’ ‘dplyr’ All declared Imports should be used. Flavors: r-devel-linux-x86_64-fedora-clang, r-devel-linux-x86_64-fedora-gcc, r-oldrel-macos-arm64