CRAN Package Check Results for Package squeezy

Last updated on 2024-06-12 20:59:16 CEST.

Flavor Version Tinstall Tcheck Ttotal Status Flags
r-devel-linux-x86_64-debian-clang 1.1-1 10.07 87.86 97.93 OK
r-devel-linux-x86_64-debian-gcc 1.1-1 6.19 65.02 71.21 NOTE
r-devel-linux-x86_64-fedora-clang 1.1-1 119.61 OK
r-devel-linux-x86_64-fedora-gcc 1.1-1 114.13 OK
r-devel-windows-x86_64 1.1-1 9.00 79.00 88.00 OK
r-patched-linux-x86_64 1.1-1 7.99 83.03 91.02 OK
r-release-linux-x86_64 1.1-1 7.64 82.05 89.69 OK
r-release-macos-arm64 1.1-1 37.00 OK
r-release-macos-x86_64 1.1-1 54.00 OK
r-release-windows-x86_64 1.1-1 9.00 80.00 89.00 OK
r-oldrel-macos-arm64 1.1-1 38.00 OK
r-oldrel-macos-x86_64 1.1-1 64.00 NOTE
r-oldrel-windows-x86_64 1.1-1 11.00 97.00 108.00 OK

Check Details

Version: 1.1-1
Check: package dependencies
Result: NOTE Packages suggested but not available for checking: 'ggplot2', 'ecpc' Flavor: r-devel-linux-x86_64-debian-gcc

Version: 1.1-1
Check: package dependencies
Result: NOTE Package suggested but not available for checking: ‘ecpc’ Flavor: r-oldrel-macos-x86_64