Last updated on 2023-09-26 13:08:44 CEST.
Flavor | Version | Tinstall | Tcheck | Ttotal | Status | Flags |
---|---|---|---|---|---|---|
r-devel-linux-x86_64-debian-clang | 1.1-1 | 9.57 | 92.09 | 101.66 | OK | |
r-devel-linux-x86_64-debian-gcc | 1.1-1 | 8.28 | 68.82 | 77.10 | OK | |
r-devel-linux-x86_64-fedora-clang | 1.1-1 | 124.02 | OK | |||
r-devel-linux-x86_64-fedora-gcc | 1.1-1 | 126.50 | OK | |||
r-devel-windows-x86_64 | 1.1-1 | 9.00 | 84.00 | 93.00 | OK | |
r-patched-linux-x86_64 | 1.1-1 | 10.49 | 86.75 | 97.24 | OK | |
r-release-linux-x86_64 | 1.1-1 | 10.37 | 88.54 | 98.91 | OK | |
r-release-macos-arm64 | 1.1-1 | 38.00 | OK | |||
r-release-macos-x86_64 | 1.1-1 | 64.00 | NOTE | |||
r-release-windows-x86_64 | 1.1-1 | 12.00 | 96.00 | 108.00 | OK | |
r-oldrel-macos-arm64 | 1.1-1 | 39.00 | OK | |||
r-oldrel-macos-x86_64 | 1.1-1 | 52.00 | OK | |||
r-oldrel-windows-x86_64 | 1.1-1 | 12.00 | 104.00 | 116.00 | OK |
Version: 1.1-1
Check: package dependencies
Result: NOTE
Package suggested but not available for checking: ‘ecpc’
Flavor: r-release-macos-x86_64