CRAN Package Check Results for Package srvyr

Last updated on 2021-09-23 00:49:05 CEST.

Flavor Version Tinstall Tcheck Ttotal Status Flags
r-devel-linux-x86_64-debian-clang 1.0.1 14.71 138.09 152.80 OK
r-devel-linux-x86_64-debian-gcc 1.0.1 8.51 102.06 110.57 OK
r-devel-linux-x86_64-fedora-clang 1.0.1 182.32 OK
r-devel-linux-x86_64-fedora-gcc 1.0.1 175.18 OK
r-devel-windows-x86_64 1.0.1 14.00 141.00 155.00 OK
r-devel-windows-x86_64-gcc10-UCRT 1.0.1 ERROR
r-patched-linux-x86_64 1.0.1 12.84 132.64 145.48 OK
r-patched-solaris-x86 1.0.1 242.70 OK
r-release-linux-x86_64 1.0.1 7.89 131.57 139.46 OK
r-release-macos-arm64 1.0.1 OK
r-release-macos-x86_64 1.0.1 OK
r-release-windows-ix86+x86_64 1.0.1 24.00 140.00 164.00 OK
r-oldrel-macos-x86_64 1.0.1 OK
r-oldrel-windows-ix86+x86_64 1.0.1 17.00 135.00 152.00 OK

Check Details

Version: 1.0.1
Check: PDF version of manual
Result: WARN
    LaTeX errors when creating PDF version.
    This typically indicates Rd problems.
Flavor: r-devel-windows-x86_64-gcc10-UCRT

Version: 1.0.1
Check: PDF version of manual without hyperrefs or index
Result: ERROR
    Re-running with no redirection of stdout/stderr.
Flavor: r-devel-windows-x86_64-gcc10-UCRT