CRAN Package Check Results for Package sscor

Last updated on 2021-12-03 15:52:34 CET.

Flavor Version Tinstall Tcheck Ttotal Status Flags
r-devel-linux-x86_64-debian-clang 0.2 2.58 26.34 28.92 NOTE
r-devel-linux-x86_64-debian-gcc 0.2 2.38 21.04 23.42 NOTE
r-devel-linux-x86_64-fedora-clang 0.2 46.78 NOTE
r-devel-linux-x86_64-fedora-gcc 0.2 35.98 NOTE
r-devel-windows-x86_64-new-UL 0.2 7.00 63.00 70.00 NOTE
r-devel-windows-x86_64-new-TK 0.2 NOTE
r-devel-windows-x86_64-old 0.2 5.00 33.00 38.00 NOTE
r-patched-linux-x86_64 0.2 4.53 25.47 30.00 NOTE
r-release-linux-x86_64 0.2 2.69 25.53 28.22 NOTE
r-release-macos-arm64 0.2 NOTE
r-release-macos-x86_64 0.2 NOTE
r-release-windows-ix86+x86_64 0.2 6.00 45.00 51.00 NOTE
r-oldrel-macos-x86_64 0.2 OK
r-oldrel-windows-ix86+x86_64 0.2 6.00 44.00 50.00 OK

Check Details

Version: 0.2
Check: LazyData
Result: NOTE
     'LazyData' is specified without a 'data' directory
Flavors: r-devel-linux-x86_64-debian-clang, r-devel-linux-x86_64-debian-gcc, r-devel-linux-x86_64-fedora-clang, r-devel-linux-x86_64-fedora-gcc, r-devel-windows-x86_64-new-UL, r-devel-windows-x86_64-new-TK, r-devel-windows-x86_64-old, r-patched-linux-x86_64, r-release-linux-x86_64, r-release-macos-arm64, r-release-macos-x86_64, r-release-windows-ix86+x86_64