Last updated on 2023-12-05 07:48:47 CET.
Flavor | Version | Tinstall | Tcheck | Ttotal | Status | Flags |
---|---|---|---|---|---|---|
r-devel-linux-x86_64-debian-clang | 0.9.1 | 6.14 | 28.72 | 34.86 | OK | |
r-devel-linux-x86_64-debian-gcc | 0.9.1 | 4.50 | 22.57 | 27.07 | OK | |
r-devel-linux-x86_64-fedora-clang | 0.9.1 | 44.69 | OK | |||
r-devel-linux-x86_64-fedora-gcc | 0.9.1 | 55.44 | OK | |||
r-devel-windows-x86_64 | 0.9.1 | 20.00 | 85.00 | 105.00 | NOTE | |
r-patched-linux-x86_64 | 0.9.1 | 5.68 | 27.94 | 33.62 | OK | |
r-release-linux-x86_64 | 0.9.1 | 5.40 | 27.98 | 33.38 | OK | |
r-release-macos-arm64 | 0.9.1 | 32.00 | OK | |||
r-release-macos-x86_64 | 0.9.1 | 62.00 | OK | |||
r-release-windows-x86_64 | 0.9.1 | 23.00 | 102.00 | 125.00 | NOTE | |
r-oldrel-macos-arm64 | 0.9.1 | 30.00 | OK | |||
r-oldrel-macos-x86_64 | 0.9.1 | 36.00 | OK | |||
r-oldrel-windows-x86_64 | 0.9.1 | 20.00 | 90.00 | 110.00 | NOTE |
Version: 0.9.1
Check: installed package size
Result: NOTE
installed size is 5.5Mb
sub-directories of 1Mb or more:
libs 4.6Mb
Flavors: r-devel-windows-x86_64, r-release-windows-x86_64, r-oldrel-windows-x86_64