CRAN Package Check Results for Package ssh

Last updated on 2021-11-27 19:49:50 CET.

Flavor Version Tinstall Tcheck Ttotal Status Flags
r-devel-linux-x86_64-debian-clang 0.8.0 OK
r-devel-linux-x86_64-debian-gcc 0.8.0 3.43 20.85 24.28 OK
r-devel-linux-x86_64-fedora-clang 0.8.0 49.09 OK
r-devel-linux-x86_64-fedora-gcc 0.8.0 38.62 OK
r-devel-windows-x86_64-new-UL 0.8.0 27.00 100.00 127.00 OK
r-devel-windows-x86_64-new-TK 0.8.0 OK
r-devel-windows-x86_64-old 0.8.0 15.00 61.00 76.00 OK
r-patched-linux-x86_64 0.8.0 4.18 25.11 29.29 OK
r-release-linux-x86_64 0.8.0 OK
r-release-macos-arm64 0.8.0 OK
r-release-macos-x86_64 0.8.0 OK
r-release-windows-ix86+x86_64 0.8.0 31.00 59.00 90.00 NOTE
r-oldrel-macos-x86_64 0.8.0 OK
r-oldrel-windows-ix86+x86_64 0.8.0 25.00 76.00 101.00 NOTE

Check Details

Version: 0.8.0
Check: installed package size
Result: NOTE
     installed size is 6.8Mb
     sub-directories of 1Mb or more:
     doc 1.0Mb
     libs 5.6Mb
Flavors: r-release-windows-ix86+x86_64, r-oldrel-windows-ix86+x86_64