CRAN Package Check Results for Package stabledist

Last updated on 2021-12-04 16:50:34 CET.

Flavor Version Tinstall Tcheck Ttotal Status Flags
r-devel-linux-x86_64-debian-clang 0.7-1 3.07 100.44 103.51 NOTE
r-devel-linux-x86_64-debian-gcc 0.7-1 2.25 70.94 73.19 NOTE
r-devel-linux-x86_64-fedora-clang 0.7-1 121.32 NOTE
r-devel-linux-x86_64-fedora-gcc 0.7-1 112.20 NOTE
r-devel-windows-x86_64-new-UL 0.7-1 7.00 129.00 136.00 NOTE
r-devel-windows-x86_64-new-TK 0.7-1 NOTE
r-devel-windows-x86_64-old 0.7-1 5.00 87.00 92.00 NOTE
r-patched-linux-x86_64 0.7-1 3.01 89.25 92.26 NOTE
r-release-linux-x86_64 0.7-1 2.65 88.47 91.12 NOTE
r-release-macos-arm64 0.7-1 NOTE
r-release-macos-x86_64 0.7-1 NOTE
r-release-windows-ix86+x86_64 0.7-1 6.00 115.00 121.00 NOTE
r-oldrel-macos-x86_64 0.7-1 OK
r-oldrel-windows-ix86+x86_64 0.7-1 27.00 120.00 147.00 OK

Check Details

Version: 0.7-1
Check: LazyData
Result: NOTE
     'LazyData' is specified without a 'data' directory
Flavors: r-devel-linux-x86_64-debian-clang, r-devel-linux-x86_64-debian-gcc, r-devel-linux-x86_64-fedora-clang, r-devel-linux-x86_64-fedora-gcc, r-devel-windows-x86_64-new-UL, r-devel-windows-x86_64-new-TK, r-devel-windows-x86_64-old, r-patched-linux-x86_64, r-release-linux-x86_64, r-release-macos-arm64, r-release-macos-x86_64, r-release-windows-ix86+x86_64