Last updated on 2023-06-03 04:56:04 CEST.
Flavor | Version | Tinstall | Tcheck | Ttotal | Status | Flags |
---|---|---|---|---|---|---|
r-devel-linux-x86_64-debian-clang | 0.1-5 | 12.78 | 154.79 | 167.57 | OK | |
r-devel-linux-x86_64-debian-gcc | 0.1-5 | 9.41 | 118.25 | 127.66 | OK | |
r-devel-linux-x86_64-fedora-clang | 0.1-5 | 231.98 | NOTE | |||
r-devel-linux-x86_64-fedora-gcc | 0.1-5 | 208.85 | NOTE | |||
r-devel-windows-x86_64 | 0.1-5 | 12.00 | 132.00 | 144.00 | OK | |
r-patched-linux-x86_64 | 0.1-5 | OK | ||||
r-release-linux-x86_64 | 0.1-5 | 10.77 | 147.53 | 158.30 | OK | |
r-release-macos-arm64 | 0.1-5 | 65.00 | OK | |||
r-release-macos-x86_64 | 0.1-5 | 124.00 | OK | |||
r-release-windows-x86_64 | 0.1-5 | 14.00 | 162.00 | 176.00 | OK | |
r-oldrel-macos-arm64 | 0.1-5 | 58.00 | OK | |||
r-oldrel-macos-x86_64 | 0.1-5 | 85.00 | OK | |||
r-oldrel-windows-x86_64 | 0.1-5 | 14.00 | 169.00 | 183.00 | OK |
Version: 0.1-5
Check: data for non-ASCII characters
Result: NOTE
Note: found 123 marked UTF-8 strings
Flavors: r-devel-linux-x86_64-fedora-clang, r-devel-linux-x86_64-fedora-gcc