Last updated on 2023-06-09 04:53:14 CEST.
Flavor | Version | Tinstall | Tcheck | Ttotal | Status | Flags |
---|---|---|---|---|---|---|
r-devel-linux-x86_64-debian-clang | 0.6-4 | 3.54 | 84.45 | 87.99 | NOTE | |
r-devel-linux-x86_64-debian-gcc | 0.6-4 | 2.29 | 65.21 | 67.50 | NOTE | |
r-devel-linux-x86_64-fedora-clang | 0.6-4 | 109.48 | NOTE | |||
r-devel-linux-x86_64-fedora-gcc | 0.6-4 | 110.26 | NOTE | |||
r-devel-windows-x86_64 | 0.6-4 | 9.00 | 60.00 | 69.00 | NOTE | |
r-patched-linux-x86_64 | 0.6-4 | 3.41 | 79.54 | 82.95 | NOTE | |
r-release-linux-x86_64 | 0.6-4 | 2.55 | 79.17 | 81.72 | NOTE | |
r-release-macos-arm64 | 0.6-4 | 36.00 | NOTE | |||
r-release-macos-x86_64 | 0.6-4 | 50.00 | NOTE | |||
r-release-windows-x86_64 | 0.6-4 | 5.00 | 65.00 | 70.00 | NOTE | |
r-oldrel-macos-arm64 | 0.6-4 | 29.00 | NOTE | |||
r-oldrel-macos-x86_64 | 0.6-4 | 53.00 | NOTE | |||
r-oldrel-windows-x86_64 | 0.6-4 | 7.00 | 67.00 | 74.00 | NOTE |
Version: 0.6-4
Check: LazyData
Result: NOTE
'LazyData' is specified without a 'data' directory
Flavors: r-devel-linux-x86_64-debian-clang, r-devel-linux-x86_64-debian-gcc, r-devel-linux-x86_64-fedora-clang, r-devel-linux-x86_64-fedora-gcc, r-devel-windows-x86_64, r-patched-linux-x86_64, r-release-linux-x86_64, r-release-macos-arm64, r-release-macos-x86_64, r-release-windows-x86_64, r-oldrel-macos-arm64, r-oldrel-macos-x86_64, r-oldrel-windows-x86_64
Version: 0.6-4
Check: package dependencies
Result: NOTE
Package suggested but not available for checking: ‘gamboostLSS’
Flavor: r-oldrel-macos-x86_64