Last updated on 2023-10-01 21:03:17 CEST.
Flavor | Version | Tinstall | Tcheck | Ttotal | Status | Flags |
---|---|---|---|---|---|---|
r-devel-linux-x86_64-debian-clang | 2.2.1 | 6.77 | 74.84 | 81.61 | NOTE | |
r-devel-linux-x86_64-debian-gcc | 2.2.1 | 4.43 | 55.73 | 60.16 | NOTE | |
r-devel-linux-x86_64-fedora-clang | 2.2.1 | 99.13 | NOTE | |||
r-devel-linux-x86_64-fedora-gcc | 2.2.1 | 103.74 | NOTE | |||
r-devel-windows-x86_64 | 2.2.1 | 6.00 | 83.00 | 89.00 | NOTE | |
r-patched-linux-x86_64 | 2.2.1 | 6.32 | 74.73 | 81.05 | OK | |
r-release-linux-x86_64 | 2.2.1 | 5.17 | 75.60 | 80.77 | OK | |
r-release-macos-arm64 | 2.2.1 | 28.00 | OK | |||
r-release-macos-x86_64 | 2.2.1 | 48.00 | OK | |||
r-release-windows-x86_64 | 2.2.1 | 6.00 | 95.00 | 101.00 | OK | |
r-oldrel-macos-arm64 | 2.2.1 | 28.00 | OK | |||
r-oldrel-macos-x86_64 | 2.2.1 | 37.00 | OK | |||
r-oldrel-windows-x86_64 | 2.2.1 | 9.00 | 83.00 | 92.00 | OK |
Version: 2.2.1
Check: Rd \usage sections
Result: NOTE
Documented arguments not in \usage in documentation object 'which_class':
‘character’
Functions with \usage entries need to have the appropriate \alias
entries, and all their arguments documented.
The \usage entries must correspond to syntactically valid R code.
See chapter ‘Writing R documentation files’ in the ‘Writing R
Extensions’ manual.
Flavors: r-devel-linux-x86_64-debian-clang, r-devel-linux-x86_64-debian-gcc, r-devel-linux-x86_64-fedora-clang, r-devel-linux-x86_64-fedora-gcc, r-devel-windows-x86_64