CRAN Package Check Results for Package stargazer

Last updated on 2024-03-04 03:52:44 CET.

Flavor Version Tinstall Tcheck Ttotal Status Flags
r-devel-linux-x86_64-debian-clang 5.2.3 12.09 64.29 76.38 NOTE
r-devel-linux-x86_64-debian-gcc 5.2.3 11.83 49.64 61.47 NOTE
r-devel-linux-x86_64-fedora-clang 5.2.3 103.35 NOTE
r-devel-linux-x86_64-fedora-gcc 5.2.3 103.67 NOTE
r-devel-windows-x86_64 5.2.3 11.00 73.00 84.00 OK
r-patched-linux-x86_64 5.2.3 11.19 62.34 73.53 OK
r-release-linux-x86_64 5.2.3 11.12 63.26 74.38 OK
r-release-macos-arm64 5.2.3 35.00 OK
r-release-macos-x86_64 5.2.3 57.00 OK
r-release-windows-x86_64 5.2.3 12.00 79.00 91.00 OK
r-oldrel-macos-arm64 5.2.3 30.00 OK
r-oldrel-windows-x86_64 5.2.3 16.00 88.00 104.00 OK

Check Details

Version: 5.2.3
Check: Rd files
Result: NOTE checkRd: (-1) stargazer.Rd:229: Lost braces 229 | \item{report}{a character string containing only elements of {\code{"v"}, \code{"c"}, \code{"s"},\code{"t"}, \code{"p"}, \code{"*"}} that determines whether, and in which order, variable names (\code{"v"}), coefficients (\code{"c"}), standard errors/confidence intervals (\code{"s"}), test statistics (\code{"t"}) and p-values (\code{"p"}) should be reported in regression tables. If one of the aforementioned letters is followed by an asterisk (\code{"*"}), significance stars will be reported next to the corresponding statistic.} | ^ checkRd: (-1) stargazer.Rd:246: Lost braces 246 | \item{table.placement}{a character string containing only elements of {\code{"h"}, \code{"t"},\code{"b"}, \code{"p"}, \code{"!"}, \code{"H"}} that determines the table placement in its LaTeX floating environment.} | ^ Flavors: r-devel-linux-x86_64-debian-clang, r-devel-linux-x86_64-debian-gcc, r-devel-linux-x86_64-fedora-clang, r-devel-linux-x86_64-fedora-gcc