CRAN Package Check Results for Package stars

Last updated on 2021-10-23 00:49:10 CEST.

Flavor Version Tinstall Tcheck Ttotal Status Flags
r-devel-linux-x86_64-debian-clang 0.5-3 15.91 356.45 372.36 NOTE
r-devel-linux-x86_64-debian-gcc 0.5-3 12.13 267.74 279.87 NOTE
r-devel-linux-x86_64-fedora-clang 0.5-3 417.10 NOTE
r-devel-linux-x86_64-fedora-gcc 0.5-3 401.70 NOTE
r-devel-windows-x86_64 0.5-3 24.00 522.00 546.00 NOTE
r-devel-windows-x86_64-gcc10-UCRT 0.5-3 NOTE
r-patched-linux-x86_64 0.5-3 13.89 352.81 366.70 NOTE
r-patched-solaris-x86 0.5-3 479.40 NOTE
r-release-linux-x86_64 0.5-3 13.80 351.86 365.66 NOTE
r-release-macos-arm64 0.5-3 NOTE
r-release-macos-x86_64 0.5-3 NOTE
r-release-windows-ix86+x86_64 0.5-3 19.00 517.00 536.00 NOTE
r-oldrel-macos-x86_64 0.5-3 NOTE
r-oldrel-windows-ix86+x86_64 0.5-3 30.00 496.00 526.00 NOTE

Check Details

Version: 0.5-3
Check: package dependencies
Result: NOTE
    Package suggested but not available for checking: 'starsdata'
Flavors: r-devel-linux-x86_64-debian-clang, r-devel-linux-x86_64-debian-gcc, r-devel-linux-x86_64-fedora-clang, r-devel-linux-x86_64-fedora-gcc, r-devel-windows-x86_64, r-devel-windows-x86_64-gcc10-UCRT, r-patched-linux-x86_64, r-patched-solaris-x86, r-release-linux-x86_64, r-release-macos-arm64, r-release-macos-x86_64, r-release-windows-ix86+x86_64, r-oldrel-macos-x86_64, r-oldrel-windows-ix86+x86_64

Version: 0.5-3
Check: installed package size
Result: NOTE
     installed size is 8.8Mb
     sub-directories of 1Mb or more:
     doc 2.4Mb
     nc 4.5Mb
Flavors: r-devel-linux-x86_64-fedora-clang, r-devel-windows-x86_64, r-patched-solaris-x86, r-release-macos-arm64, r-release-macos-x86_64, r-release-windows-ix86+x86_64, r-oldrel-macos-x86_64, r-oldrel-windows-ix86+x86_64