CRAN Package Check Results for Package statVisual

Last updated on 2021-11-27 07:50:04 CET.

Flavor Version Tinstall Tcheck Ttotal Status Flags
r-devel-linux-x86_64-debian-clang 1.2.1 OK
r-devel-linux-x86_64-debian-gcc 1.2.1 14.44 161.44 175.88 OK
r-devel-linux-x86_64-fedora-clang 1.2.1 282.04 NOTE
r-devel-linux-x86_64-fedora-gcc 1.2.1 271.11 NOTE
r-devel-windows-x86_64-new-UL 1.2.1 36.00 286.00 322.00 OK
r-devel-windows-x86_64-new-TK 1.2.1 NOTE
r-devel-windows-x86_64-old 1.2.1 26.00 275.00 301.00 OK
r-patched-linux-x86_64 1.2.1 24.75 197.44 222.19 OK
r-patched-solaris-x86 1.2.1 302.10 NOTE
r-release-linux-x86_64 1.2.1 OK
r-release-macos-arm64 1.2.1 ERROR
r-release-macos-x86_64 1.2.1 ERROR
r-release-windows-ix86+x86_64 1.2.1 42.00 183.00 225.00 OK
r-oldrel-macos-x86_64 1.2.1 ERROR
r-oldrel-windows-ix86+x86_64 1.2.1 45.00 249.00 294.00 OK

Check Details

Version: 1.2.1
Check: package dependencies
Result: NOTE
    Imports includes 23 non-default packages.
    Importing from so many packages makes the package vulnerable to any of
    them becoming unavailable. Move as many as possible to Suggests and
    use conditionally.
Flavor: r-devel-linux-x86_64-fedora-clang

Version: 1.2.1
Check: dependencies in R code
Result: NOTE
    Namespaces in Imports field not imported from:
     ‘gbm’ ‘ggfortify’ ‘tibble’ ‘tidyverse’
     All declared Imports should be used.
Flavors: r-devel-linux-x86_64-fedora-clang, r-devel-linux-x86_64-fedora-gcc, r-devel-windows-x86_64-new-TK, r-patched-solaris-x86

Version: 1.2.1
Check: package dependencies
Result: ERROR
    Package required but not available: ‘pvca’
    
    See section ‘The DESCRIPTION file’ in the ‘Writing R Extensions’
    manual.
Flavors: r-release-macos-arm64, r-release-macos-x86_64, r-oldrel-macos-x86_64