Last updated on 2023-03-29 00:57:21 CEST.
Flavor | Version | Tinstall | Tcheck | Ttotal | Status | Flags |
---|---|---|---|---|---|---|
r-devel-linux-x86_64-debian-clang | 1.0.9 | 110.73 | 259.15 | 369.88 | NOTE | |
r-devel-linux-x86_64-debian-gcc | 1.0.9 | 88.66 | 173.93 | 262.59 | NOTE | |
r-devel-linux-x86_64-fedora-clang | 1.0.9 | 486.71 | NOTE | |||
r-devel-linux-x86_64-fedora-gcc | 1.0.9 | 437.61 | NOTE | |||
r-patched-linux-x86_64 | 1.0.9 | 99.77 | 229.00 | 328.77 | NOTE | |
r-release-linux-x86_64 | 1.0.9 | 89.62 | 228.08 | 317.70 | OK | |
r-release-macos-arm64 | 1.0.9 | 227.00 | NOTE | |||
r-release-macos-x86_64 | 1.0.9 | 410.00 | NOTE | |||
r-release-windows-x86_64 | 1.0.9 | 128.00 | 286.00 | 414.00 | NOTE | |
r-oldrel-macos-arm64 | 1.0.9 | 232.00 | NOTE | |||
r-oldrel-macos-x86_64 | 1.0.9 | 402.00 | NOTE | |||
r-oldrel-windows-ix86+x86_64 | 1.0.9 | 258.00 | 294.00 | 552.00 | NOTE |
Version: 1.0.9
Check: C++ specification
Result: NOTE
Specified C++11: please drop specification unless essential
Flavors: r-devel-linux-x86_64-debian-clang, r-devel-linux-x86_64-debian-gcc, r-devel-linux-x86_64-fedora-clang, r-devel-linux-x86_64-fedora-gcc, r-patched-linux-x86_64
Version: 1.0.9
Check: installed package size
Result: NOTE
installed size is 9.5Mb
sub-directories of 1Mb or more:
data 3.0Mb
libs 5.4Mb
Flavors: r-release-macos-arm64, r-release-macos-x86_64, r-release-windows-x86_64, r-oldrel-macos-arm64, r-oldrel-macos-x86_64, r-oldrel-windows-ix86+x86_64