Last updated on 2023-05-28 16:58:02 CEST.
Flavor | Version | Tinstall | Tcheck | Ttotal | Status | Flags |
---|---|---|---|---|---|---|
r-devel-linux-x86_64-debian-clang | 1.0.5 | 10.26 | 217.56 | 227.82 | NOTE | |
r-devel-linux-x86_64-debian-gcc | 1.0.5 | 8.83 | 162.44 | 171.27 | NOTE | |
r-devel-linux-x86_64-fedora-clang | 1.0.5 | 294.21 | NOTE | |||
r-devel-linux-x86_64-fedora-gcc | 1.0.5 | 278.57 | NOTE | |||
r-devel-windows-x86_64 | 1.0.5 | 11.00 | 178.00 | 189.00 | NOTE | |
r-patched-linux-x86_64 | 1.0.5 | 18.24 | 207.21 | 225.45 | NOTE | |
r-release-linux-x86_64 | 1.0.5 | 9.28 | 202.15 | 211.43 | NOTE | |
r-release-macos-arm64 | 1.0.5 | 95.00 | NOTE | |||
r-release-macos-x86_64 | 1.0.5 | 151.00 | NOTE | |||
r-release-windows-x86_64 | 1.0.5 | 13.00 | 225.00 | 238.00 | NOTE | |
r-oldrel-macos-arm64 | 1.0.5 | 82.00 | NOTE | |||
r-oldrel-macos-x86_64 | 1.0.5 | 105.00 | NOTE | |||
r-oldrel-windows-x86_64 | 1.0.5 | 14.00 | 216.00 | 230.00 | NOTE |
Version: 1.0.5
Check: package dependencies
Result: NOTE
Package suggested but not available for checking: ‘asreml’
Flavors: r-devel-linux-x86_64-debian-clang, r-devel-linux-x86_64-debian-gcc, r-devel-linux-x86_64-fedora-clang, r-devel-linux-x86_64-fedora-gcc, r-devel-windows-x86_64, r-patched-linux-x86_64, r-release-linux-x86_64, r-release-macos-arm64, r-release-macos-x86_64, r-release-windows-x86_64, r-oldrel-macos-arm64, r-oldrel-macos-x86_64, r-oldrel-windows-x86_64