Last updated on 2023-09-28 20:56:59 CEST.
Flavor | Version | Tinstall | Tcheck | Ttotal | Status | Flags |
---|---|---|---|---|---|---|
r-devel-linux-x86_64-debian-clang | 1.0.6 | 103.25 | 101.25 | 204.50 | OK | |
r-devel-linux-x86_64-debian-gcc | 1.0.6 | 76.02 | 75.93 | 151.95 | OK | |
r-devel-linux-x86_64-fedora-clang | 1.0.6 | 299.33 | OK | |||
r-devel-linux-x86_64-fedora-gcc | 1.0.6 | 300.02 | OK | |||
r-devel-windows-x86_64 | 1.0.6 | 86.00 | 130.00 | 216.00 | OK | |
r-patched-linux-x86_64 | 1.0.6 | 113.66 | 94.55 | 208.21 | OK | |
r-release-linux-x86_64 | 1.0.6 | 107.94 | 95.37 | 203.31 | OK | |
r-release-macos-arm64 | 1.0.6 | 78.00 | NOTE | |||
r-release-macos-x86_64 | 1.0.6 | 146.00 | NOTE | |||
r-release-windows-x86_64 | 1.0.6 | 113.00 | 156.00 | 269.00 | OK | |
r-oldrel-macos-arm64 | 1.0.6 | 77.00 | NOTE | |||
r-oldrel-macos-x86_64 | 1.0.6 | 117.00 | NOTE | |||
r-oldrel-windows-x86_64 | 1.0.6 | 100.00 | 148.00 | 248.00 | OK |
Version: 1.0.6
Check: installed package size
Result: NOTE
installed size is 7.3Mb
sub-directories of 1Mb or more:
extdata 2.4Mb
libs 4.2Mb
Flavors: r-release-macos-arm64, r-release-macos-x86_64, r-oldrel-macos-arm64, r-oldrel-macos-x86_64