CRAN Package Check Results for Package stats19

Last updated on 2023-12-01 15:53:51 CET.

Flavor Version Tinstall Tcheck Ttotal Status Flags
r-devel-linux-x86_64-debian-clang 3.0.2 3.92 118.81 122.73 OK
r-devel-linux-x86_64-debian-gcc 3.0.2 3.06 89.63 92.69 OK
r-devel-linux-x86_64-fedora-clang 3.0.2 153.78 OK
r-devel-linux-x86_64-fedora-gcc 3.0.2 171.96 OK
r-devel-windows-x86_64 3.0.2 5.00 142.00 147.00 OK
r-patched-linux-x86_64 3.0.2 2.75 112.17 114.92 OK
r-release-linux-x86_64 3.0.2 2.51 114.03 116.54 OK
r-release-macos-arm64 3.0.2 75.00 OK
r-release-macos-x86_64 3.0.2 134.00 OK
r-release-windows-x86_64 3.0.2 6.00 155.00 161.00 OK
r-oldrel-macos-arm64 3.0.2 75.00 OK
r-oldrel-macos-x86_64 3.0.0 116.00 NOTE
r-oldrel-windows-x86_64 3.0.2 6.00 153.00 159.00 OK

Check Details

Version: 3.0.0
Check: installed package size
Result: NOTE installed size is 6.7Mb sub-directories of 1Mb or more: data 3.6Mb doc 1.4Mb help 1.4Mb Flavor: r-oldrel-macos-x86_64