CRAN Package Check Results for Package stepPenal

Last updated on 2022-01-22 11:51:14 CET.

Flavor Version Tinstall Tcheck Ttotal Status Flags
r-devel-linux-x86_64-debian-clang 0.2 3.02 37.24 40.26 NOTE
r-devel-linux-x86_64-debian-gcc 0.2 2.62 29.42 32.04 NOTE
r-devel-linux-x86_64-fedora-clang 0.2 50.09 NOTE
r-devel-linux-x86_64-fedora-gcc 0.2 38.32 NOTE
r-devel-windows-x86_64-new-UL 0.2 30.00 56.00 86.00 NOTE
r-devel-windows-x86_64-new-TK 0.2 NOTE
r-patched-linux-x86_64 0.2 2.94 35.71 38.65 NOTE
r-release-linux-x86_64 0.2 2.16 35.94 38.10 NOTE
r-release-macos-arm64 0.2 NOTE
r-release-macos-x86_64 0.2 NOTE
r-release-windows-ix86+x86_64 0.2 7.00 45.00 52.00 NOTE
r-oldrel-macos-x86_64 0.2 OK
r-oldrel-windows-ix86+x86_64 0.2 8.00 46.00 54.00 OK

Check Details

Version: 0.2
Check: LazyData
Result: NOTE
     'LazyData' is specified without a 'data' directory
Flavors: r-devel-linux-x86_64-debian-clang, r-devel-linux-x86_64-debian-gcc, r-devel-linux-x86_64-fedora-clang, r-devel-linux-x86_64-fedora-gcc, r-devel-windows-x86_64-new-UL, r-devel-windows-x86_64-new-TK, r-patched-linux-x86_64, r-release-linux-x86_64, r-release-macos-arm64, r-release-macos-x86_64, r-release-windows-ix86+x86_64