Last updated on 2023-03-29 16:50:28 CEST.
Flavor | Version | Tinstall | Tcheck | Ttotal | Status | Flags |
---|---|---|---|---|---|---|
r-devel-linux-x86_64-debian-clang | 2.1-4 | 271.61 | 336.88 | 608.49 | OK | |
r-devel-linux-x86_64-debian-gcc | 2.1-4 | 211.77 | 240.08 | 451.85 | OK | |
r-devel-linux-x86_64-fedora-clang | 2.1-4 | 852.73 | OK | |||
r-devel-linux-x86_64-fedora-gcc | 2.1-4 | 759.12 | OK | |||
r-patched-linux-x86_64 | 2.1-4 | 236.18 | 321.47 | 557.65 | OK | |
r-release-linux-x86_64 | 2.1-4 | 207.76 | 320.53 | 528.29 | OK | |
r-release-macos-arm64 | 2.1-4 | 179.00 | NOTE | |||
r-release-macos-x86_64 | 2.1-4 | 264.00 | NOTE | |||
r-release-windows-x86_64 | 2.1-4 | 215.00 | 426.00 | 641.00 | OK | |
r-oldrel-macos-arm64 | 2.1-4 | 167.00 | NOTE | |||
r-oldrel-macos-x86_64 | 2.1-4 | 261.00 | NOTE | |||
r-oldrel-windows-ix86+x86_64 | 2.1-4 | 576.00 | 679.00 | 1255.00 | OK |
Version: 2.1-4
Check: installed package size
Result: NOTE
installed size is 6.1Mb
sub-directories of 1Mb or more:
libs 5.0Mb
Flavors: r-release-macos-arm64, r-release-macos-x86_64, r-oldrel-macos-arm64, r-oldrel-macos-x86_64