CRAN Package Check Results for Package stm

Last updated on 2022-12-04 04:50:32 CET.

Flavor Version Tinstall Tcheck Ttotal Status Flags
r-devel-linux-x86_64-debian-clang 1.3.6 51.56 313.66 365.22 OK
r-devel-linux-x86_64-debian-gcc 1.3.6 41.96 225.32 267.28 OK
r-devel-linux-x86_64-fedora-clang 1.3.6 455.75 OK
r-devel-linux-x86_64-fedora-gcc 1.3.6 439.47 OK
r-devel-windows-x86_64 1.3.6 84.00 394.00 478.00 OK
r-patched-linux-x86_64 1.3.6 46.78 287.68 334.46 OK
r-release-linux-x86_64 1.3.6 41.08 291.53 332.61 OK
r-release-macos-arm64 1.3.6 133.00 NOTE
r-release-macos-x86_64 1.3.6 185.00 NOTE
r-release-windows-x86_64 1.3.6 64.00 416.00 480.00 OK
r-oldrel-macos-arm64 1.3.6 148.00 NOTE
r-oldrel-macos-x86_64 1.3.6 233.00 NOTE
r-oldrel-windows-ix86+x86_64 1.3.6 112.00 549.00 661.00 OK

Check Details

Version: 1.3.6
Check: installed package size
Result: NOTE
     installed size is 5.3Mb
     sub-directories of 1Mb or more:
     data 1.7Mb
     libs 2.4Mb
Flavors: r-release-macos-arm64, r-release-macos-x86_64, r-oldrel-macos-arm64, r-oldrel-macos-x86_64