Last updated on 2023-03-28 09:54:01 CEST.
Flavor | Version | Tinstall | Tcheck | Ttotal | Status | Flags |
---|---|---|---|---|---|---|
r-devel-linux-x86_64-debian-clang | 1.1.4 | 73.77 | 178.63 | 252.40 | OK | |
r-devel-linux-x86_64-debian-gcc | 1.1.4 | 57.50 | 132.22 | 189.72 | OK | |
r-devel-linux-x86_64-fedora-clang | 1.1.4 | 334.24 | OK | |||
r-devel-linux-x86_64-fedora-gcc | 1.1.4 | 302.24 | OK | |||
r-patched-linux-x86_64 | 1.1.4 | 65.93 | 166.38 | 232.31 | OK | |
r-release-linux-x86_64 | 1.1.4 | 45.42 | 167.05 | 212.47 | OK | |
r-release-macos-arm64 | 1.1.4 | 74.00 | OK | |||
r-release-macos-x86_64 | 1.1.4 | 132.00 | OK | |||
r-release-windows-x86_64 | 1.1.4 | 299.00 | 227.00 | 526.00 | OK | |
r-oldrel-macos-arm64 | 1.1.4 | 84.00 | OK | |||
r-oldrel-macos-x86_64 | 1.1.4 | 125.00 | OK | |||
r-oldrel-windows-ix86+x86_64 | 1.1.4 | 160.00 | 267.00 | 427.00 | NOTE |
Version: 1.1.4
Check: R code for possible problems
Result: NOTE
Initiating curl with CURL_SSL_BACKEND: openssl
Flavor: r-oldrel-windows-ix86+x86_64