Last updated on 2023-10-01 16:56:13 CEST.
Flavor | Version | Tinstall | Tcheck | Ttotal | Status | Flags |
---|---|---|---|---|---|---|
r-devel-linux-x86_64-debian-clang | 1.7.12 | 256.22 | 464.35 | 720.57 | OK | |
r-devel-linux-x86_64-debian-gcc | 1.7.12 | 171.51 | 346.59 | 518.10 | OK | |
r-devel-linux-x86_64-fedora-clang | 1.7.12 | 962.73 | OK | |||
r-devel-linux-x86_64-fedora-gcc | 1.7.12 | 944.25 | OK | |||
r-devel-windows-x86_64 | 1.7.12 | 176.00 | 363.00 | 539.00 | OK | |
r-patched-linux-x86_64 | 1.7.12 | 229.27 | 453.58 | 682.85 | OK | |
r-release-linux-x86_64 | 1.7.12 | 169.43 | 448.99 | 618.42 | OK | |
r-release-macos-arm64 | 1.7.12 | 238.00 | NOTE | |||
r-release-macos-x86_64 | 1.7.12 | 502.00 | NOTE | |||
r-release-windows-x86_64 | 1.7.12 | 242.00 | 443.00 | 685.00 | OK | |
r-oldrel-macos-arm64 | 1.7.12 | 201.00 | NOTE | |||
r-oldrel-macos-x86_64 | 1.7.12 | 295.00 | NOTE | |||
r-oldrel-windows-x86_64 | 1.7.12 | 230.00 | 397.00 | 627.00 | OK |
Version: 1.7.12
Check: installed package size
Result: NOTE
installed size is 9.4Mb
sub-directories of 1Mb or more:
libs 7.1Mb
Flavors: r-release-macos-arm64, r-release-macos-x86_64, r-oldrel-macos-arm64, r-oldrel-macos-x86_64