Last updated on 2023-06-10 08:53:28 CEST.
Flavor | Version | Tinstall | Tcheck | Ttotal | Status | Flags |
---|---|---|---|---|---|---|
r-devel-linux-x86_64-debian-clang | 1.2.7 | 49.18 | 437.87 | 487.05 | OK | |
r-devel-linux-x86_64-debian-gcc | 1.2.7 | 41.59 | 322.54 | 364.13 | OK | |
r-devel-linux-x86_64-fedora-clang | 1.2.7 | 621.99 | NOTE | |||
r-devel-linux-x86_64-fedora-gcc | 1.2.7 | 576.94 | OK | |||
r-devel-windows-x86_64 | 1.2.7 | 39.00 | 269.00 | 308.00 | OK | |
r-patched-linux-x86_64 | 1.2.7 | 46.33 | 409.09 | 455.42 | OK | |
r-release-linux-x86_64 | 1.2.7 | 31.59 | 406.03 | 437.62 | OK | |
r-release-macos-arm64 | 1.2.7 | 160.00 | OK | |||
r-release-macos-x86_64 | 1.2.7 | 272.00 | OK | |||
r-release-windows-x86_64 | 1.2.7 | 53.00 | 374.00 | 427.00 | OK | |
r-oldrel-macos-arm64 | 1.2.7 | 138.00 | OK | |||
r-oldrel-macos-x86_64 | 1.2.7 | 199.00 | OK | |||
r-oldrel-windows-x86_64 | 1.2.7 | 54.00 | 358.00 | 412.00 | OK |
Version: 1.2.7
Check: package dependencies
Result: NOTE
Imports includes 23 non-default packages.
Importing from so many packages makes the package vulnerable to any of
them becoming unavailable. Move as many as possible to Suggests and
use conditionally.
Flavor: r-devel-linux-x86_64-fedora-clang