CRAN Package Check Results for Package stratification

Last updated on 2021-09-21 04:55:39 CEST.

Flavor Version Tinstall Tcheck Ttotal Status Flags
r-devel-linux-x86_64-debian-clang 2.2-6 7.77 55.59 63.36 OK
r-devel-linux-x86_64-debian-gcc 2.2-6 4.90 41.91 46.81 OK
r-devel-linux-x86_64-fedora-clang 2.2-6 83.14 OK
r-devel-linux-x86_64-fedora-gcc 2.2-6 72.79 OK
r-devel-windows-x86_64 2.2-6 8.00 61.00 69.00 OK
r-devel-windows-x86_64-gcc10-UCRT 2.2-6 ERROR
r-patched-linux-x86_64 2.2-6 7.31 53.37 60.68 OK
r-patched-solaris-x86 2.2-6 111.20 OK
r-release-linux-x86_64 2.2-6 6.92 52.68 59.60 OK
r-release-macos-arm64 2.2-6 OK
r-release-macos-x86_64 2.2-6 OK
r-release-windows-ix86+x86_64 2.2-6 13.00 78.00 91.00 OK
r-oldrel-macos-x86_64 2.2-6 OK
r-oldrel-windows-ix86+x86_64 2.2-6 10.00 76.00 86.00 OK

Check Details

Version: 2.2-6
Check: whether package can be installed
Result: ERROR
    Installation failed.
Flavor: r-devel-windows-x86_64-gcc10-UCRT